{"id":1680,"date":"2025-01-17T16:12:13","date_gmt":"2025-01-17T15:12:13","guid":{"rendered":"https:\/\/www.epca.ch\/www\/?page_id=1680"},"modified":"2025-12-15T10:04:09","modified_gmt":"2025-12-15T09:04:09","slug":"sejour-linguistique-berlin","status":"publish","type":"page","link":"https:\/\/www.epca.ch\/www\/sejour-linguistique-berlin\/","title":{"rendered":"S\u00e9jour linguistique Munich"},"content":{"rendered":"\n<div class=\"wp-block-columns is-layout-flex wp-container-core-columns-is-layout-9409fc81 wp-block-columns-is-layout-flex\" style=\"margin-top:0px;margin-bottom:0px;padding-top:0;padding-right:var(--wp--preset--spacing--30);padding-bottom:0;padding-left:var(--wp--preset--spacing--30)\">\n<div class=\"wp-block-column has-global-padding is-layout-constrained wp-block-column-is-layout-constrained\">\n<figure class=\"wp-block-image alignfull size-full has-custom-border image-pleine-hauteur\"><img loading=\"lazy\" decoding=\"async\" width=\"1920\" height=\"1080\" src=\"https:\/\/www.epca.ch\/www\/wp-content\/uploads\/2025\/12\/BoaLingua_sejour-linguistique-allemagne-munich-marienplatz-1.jpg\" alt=\"\" class=\"wp-image-3051\" style=\"border-top-right-radius:40px\" srcset=\"https:\/\/www.epca.ch\/www\/wp-content\/uploads\/2025\/12\/BoaLingua_sejour-linguistique-allemagne-munich-marienplatz-1.jpg 1920w, https:\/\/www.epca.ch\/www\/wp-content\/uploads\/2025\/12\/BoaLingua_sejour-linguistique-allemagne-munich-marienplatz-1-300x169.jpg 300w, https:\/\/www.epca.ch\/www\/wp-content\/uploads\/2025\/12\/BoaLingua_sejour-linguistique-allemagne-munich-marienplatz-1-1024x576.jpg 1024w, https:\/\/www.epca.ch\/www\/wp-content\/uploads\/2025\/12\/BoaLingua_sejour-linguistique-allemagne-munich-marienplatz-1-768x432.jpg 768w, https:\/\/www.epca.ch\/www\/wp-content\/uploads\/2025\/12\/BoaLingua_sejour-linguistique-allemagne-munich-marienplatz-1-1536x864.jpg 1536w\" sizes=\"auto, (max-width: 1920px) 100vw, 1920px\" \/><\/figure>\n<\/div>\n\n\n\n<div class=\"wp-block-column has-background is-layout-flow wp-block-column-is-layout-flow\" style=\"border-style:none;border-width:0px;border-top-right-radius:35px;background-color:#f2f2f2;padding-top:var(--wp--preset--spacing--40);padding-right:var(--wp--preset--spacing--40);padding-bottom:var(--wp--preset--spacing--40);padding-left:var(--wp--preset--spacing--40)\">\n<div class=\"wp-block-group is-nowrap is-layout-flex wp-container-core-group-is-layout-6c531013 wp-block-group-is-layout-flex\">\n<h2 class=\"wp-block-heading\">S\u00e9jour linguistique \u00e0 <span class=\"bleu-epca\">Munich<\/span><\/h2>\n\n\n\n<figure class=\"wp-block-image size-full fleche\"><img loading=\"lazy\" decoding=\"async\" width=\"30\" height=\"30\" src=\"https:\/\/www.epca.ch\/www\/wp-content\/uploads\/2025\/05\/fleche.png\" alt=\"\" class=\"wp-image-1948\"\/><\/figure>\n<\/div>\n\n\n\n<p>Un s\u00e9jour linguistique d&rsquo;une semaine (du 13 au 20 juin 2026) \u00e0 Munich est propos\u00e9 aux \u00e9l\u00e8ves de 1\u00e8re, 2\u00e8me et 3\u00e8me ann\u00e9e (sauf les MC3, MP-Ep, MP-Ee1 et MP-Ee2 qui ont des examens oraux) comprenant des cours d&rsquo;allemand, des visites culturelles ainsi que du temps libre :<\/p>\n\n\n\n<p>\u00b7 Du lundi au vendredi : cours d\u2019allemand intensifs de 09h00 \u00e0 12h15<br>\u00b7 Trois apr\u00e8s-midi : activit\u00e9s culturelles obligatoires<br>\u00b7 Temps libre : dimanche 14 juin, samedi 21 juin, soir\u00e9es et deux apr\u00e8s-midi (possibilit\u00e9 de participer \u00e0 d\u2019autres activit\u00e9s culturelles organis\u00e9es).<\/p>\n\n\n\n<p>Le flyer et le formulaire d&rsquo;inscription disponibles ci-dessous vous permettent d&rsquo;avoir plus d&rsquo;informations et de vous inscrire.<\/p>\n\n\n\n<p>Attention : la participation est limit\u00e9e \u00e0 20 personnes. N&rsquo;h\u00e9sitez pas \u00e0 vous inscrire au plus vite (d\u00e9lai d&rsquo;inscription : 04 f\u00e9vrier 2026) aupr\u00e8s de Mich\u00e8le Patry (michele.patry@vd.ch).<\/p>\n\n\n\n<div class=\"wp-block-group has-global-padding is-layout-constrained wp-block-group-is-layout-constrained\">\n<div class=\"wp-block-columns is-layout-flex wp-container-core-columns-is-layout-28f84493 wp-block-columns-is-layout-flex\">\n<div class=\"wp-block-column is-layout-flow wp-block-column-is-layout-flow\" style=\"flex-basis:100%\"><\/div>\n<\/div>\n\n\n\n<div class=\"wp-block-buttons alignwide bouton-espace is-vertical is-layout-flex wp-container-core-buttons-is-layout-fe9cc265 wp-block-buttons-is-layout-flex\">\n<div class=\"wp-block-button has-custom-width wp-block-button__width-100 is-style-fill\"><a class=\"wp-block-button__link has-large-font-size has-custom-font-size wp-element-button\" href=\"\/www\/contenu\/docs_divers\/Flyer_s%C3%A9jour%20linguistique%202026_Munich.pdf\" target=\"_blank\" rel=\"noreferrer noopener\">Flyer<\/a><\/div>\n\n\n\n<div class=\"wp-block-button has-custom-width wp-block-button__width-100 is-style-fill\"><a class=\"wp-block-button__link has-large-font-size has-custom-font-size wp-element-button\" href=\"\/www\/contenu\/docs_divers\/Formulaire%20Inscription%20Munich_2026.pdf\" target=\"_blank\" rel=\"noreferrer noopener\">Formulaire d&rsquo;inscription<\/a><\/div>\n<\/div>\n<\/div>\n<\/div>\n<\/div>\n\n\n\n<figure class=\"wp-block-image aligncenter size-large\"><img loading=\"lazy\" decoding=\"async\" width=\"1024\" height=\"768\" src=\"https:\/\/www.epca.ch\/www\/wp-content\/uploads\/2025\/06\/groupe-ecole-1024x768.jpg\" alt=\"\" class=\"wp-image-2585\" srcset=\"https:\/\/www.epca.ch\/www\/wp-content\/uploads\/2025\/06\/groupe-ecole-1024x768.jpg 1024w, https:\/\/www.epca.ch\/www\/wp-content\/uploads\/2025\/06\/groupe-ecole-300x225.jpg 300w, https:\/\/www.epca.ch\/www\/wp-content\/uploads\/2025\/06\/groupe-ecole-768x576.jpg 768w, https:\/\/www.epca.ch\/www\/wp-content\/uploads\/2025\/06\/groupe-ecole-1536x1152.jpg 1536w, https:\/\/www.epca.ch\/www\/wp-content\/uploads\/2025\/06\/groupe-ecole.jpg 1600w\" sizes=\"auto, (max-width: 1024px) 100vw, 1024px\" \/><\/figure>\n\n\n\n<figure class=\"wp-block-image aligncenter size-large\"><img loading=\"lazy\" decoding=\"async\" width=\"1024\" height=\"768\" src=\"https:\/\/www.epca.ch\/www\/wp-content\/uploads\/2025\/06\/groupe-dehors-1024x768.jpg\" alt=\"\" class=\"wp-image-2584\" srcset=\"https:\/\/www.epca.ch\/www\/wp-content\/uploads\/2025\/06\/groupe-dehors-1024x768.jpg 1024w, https:\/\/www.epca.ch\/www\/wp-content\/uploads\/2025\/06\/groupe-dehors-300x225.jpg 300w, https:\/\/www.epca.ch\/www\/wp-content\/uploads\/2025\/06\/groupe-dehors-768x576.jpg 768w, https:\/\/www.epca.ch\/www\/wp-content\/uploads\/2025\/06\/groupe-dehors-1536x1152.jpg 1536w, https:\/\/www.epca.ch\/www\/wp-content\/uploads\/2025\/06\/groupe-dehors.jpg 2048w\" sizes=\"auto, (max-width: 1024px) 100vw, 1024px\" \/><\/figure>\n\n\n\n<p class=\"has-text-align-center\">S\u00e9jour linguistique 2025 \u00e0 Berlin<\/p>\n\n\n\n<p><\/p>\n","protected":false},"excerpt":{"rendered":"<p>S\u00e9jour linguistique \u00e0 Munich Un s\u00e9jour linguistique d&rsquo;une semaine (du 13 au 20 juin 2026) \u00e0 Munich est propos\u00e9 aux \u00e9l\u00e8ves de 1\u00e8re, 2\u00e8me et 3\u00e8me ann\u00e9e (sauf les MC3, MP-Ep, MP-Ee1 et MP-Ee2 qui ont des examens oraux) comprenant des cours d&rsquo;allemand, des visites culturelles ainsi que du temps libre : \u00b7 Du lundi [&hellip;]<\/p>\n","protected":false},"author":1,"featured_media":0,"parent":0,"menu_order":0,"comment_status":"closed","ping_status":"closed","template":"","meta":{"footnotes":""},"class_list":["post-1680","page","type-page","status-publish","hentry"],"_links":{"self":[{"href":"https:\/\/www.epca.ch\/www\/wp-json\/wp\/v2\/pages\/1680","targetHints":{"allow":["GET"]}}],"collection":[{"href":"https:\/\/www.epca.ch\/www\/wp-json\/wp\/v2\/pages"}],"about":[{"href":"https:\/\/www.epca.ch\/www\/wp-json\/wp\/v2\/types\/page"}],"author":[{"embeddable":true,"href":"https:\/\/www.epca.ch\/www\/wp-json\/wp\/v2\/users\/1"}],"replies":[{"embeddable":true,"href":"https:\/\/www.epca.ch\/www\/wp-json\/wp\/v2\/comments?post=1680"}],"version-history":[{"count":15,"href":"https:\/\/www.epca.ch\/www\/wp-json\/wp\/v2\/pages\/1680\/revisions"}],"predecessor-version":[{"id":3057,"href":"https:\/\/www.epca.ch\/www\/wp-json\/wp\/v2\/pages\/1680\/revisions\/3057"}],"wp:attachment":[{"href":"https:\/\/www.epca.ch\/www\/wp-json\/wp\/v2\/media?parent=1680"}],"curies":[{"name":"wp","href":"https:\/\/api.w.org\/{rel}","templated":true}]}}