{"id":1682,"date":"2025-01-17T16:15:54","date_gmt":"2025-01-17T15:15:54","guid":{"rendered":"https:\/\/www.epca.ch\/www\/?page_id=1682"},"modified":"2025-11-21T09:26:58","modified_gmt":"2025-11-21T08:26:58","slug":"apprentissageone","status":"publish","type":"page","link":"https:\/\/www.epca.ch\/www\/apprentissageone\/","title":{"rendered":"Apprentissage+One"},"content":{"rendered":"\n<div class=\"wp-block-columns is-layout-flex wp-container-core-columns-is-layout-9409fc81 wp-block-columns-is-layout-flex\" style=\"margin-top:0px;margin-bottom:0px;padding-top:0;padding-right:var(--wp--preset--spacing--30);padding-bottom:0;padding-left:var(--wp--preset--spacing--30)\">\n<div class=\"wp-block-column has-background is-layout-flow wp-block-column-is-layout-flow\" style=\"border-style:none;border-width:0px;border-top-right-radius:35px;background-color:#f2f2f2;padding-top:var(--wp--preset--spacing--40);padding-right:var(--wp--preset--spacing--40);padding-bottom:var(--wp--preset--spacing--40);padding-left:var(--wp--preset--spacing--40)\">\n<div class=\"wp-block-group is-nowrap is-layout-flex wp-container-core-group-is-layout-6c531013 wp-block-group-is-layout-flex\">\n<h2 class=\"wp-block-heading\">Qu&rsquo;est-ce qu&rsquo;<span class=\"bleu-epca\">Apprentissage+One<\/span> ?<\/h2>\n<\/div>\n\n\n\n<p>Le programme de mobilit\u00e9 Apprentissage+One repr\u00e9sente une exp\u00e9rience professionnelle \u00e0 l&rsquo;\u00e9tranger, mais \u00e9galement plus d\u2019ind\u00e9pendance et d\u2019autonomie, la connaissance de deux autres cultures, la pratique de deux langues \u00e9trang\u00e8res et une meilleure employabilit\u00e9 apr\u00e8s le CFC.<\/p>\n\n\n\n<p>Contenu du programme :<br>&#8211; Un semestre dans un pays germanophone et un semestre dans un pays anglophone<br>&#8211; Des cours de langue intensifs d\u2019un mois au d\u00e9but de chaque s\u00e9jour<br>&#8211; Deux stages en entreprise de quatre mois chacun<br>&#8211; Un suivi linguistique online durant les stages<br>&#8211; La possibilit\u00e9 de passer un examen de certification internationale dans chacune des langues.<\/p>\n\n\n\n<div class=\"wp-block-group is-nowrap is-layout-flex wp-container-core-group-is-layout-b1ad4258 wp-block-group-is-layout-flex\" style=\"padding-top:0;padding-bottom:var(--wp--preset--spacing--40)\">\n<p class=\"has-custom-bleu-color has-text-color has-link-color wp-elements-612bb8918654f8232baf9c040f308aae\"><a href=\"https:\/\/www.vd.ch\/formation\/formation-professionnelle\/stages-en-suisse-ou-a-letranger-pour-les-apprenties-etudiantes-es-et-jeunes-diplomees-vaudoises\/apprentissage-one-stages-internationaux-pour-les-apprenties-et-apprentis-en-formation-duale\" target=\"_blank\" rel=\"noreferrer noopener\">en savoir plus<\/a><\/p>\n\n\n\n<figure class=\"wp-block-image size-full is-resized\"><img loading=\"lazy\" decoding=\"async\" width=\"30\" height=\"29\" src=\"https:\/\/www.epca.ch\/www\/wp-content\/uploads\/2025\/05\/FlecheLien.webp\" alt=\"\" class=\"wp-image-2093\" style=\"width:20px\"\/><\/figure>\n\n\n\n<p><\/p>\n<\/div>\n\n\n\n<p>Votre contact \u00e0 l&rsquo;EPCA : <a href=\"mailto:joyce.tallarini@vd.ch\" target=\"_blank\" rel=\"noreferrer noopener\">joyce.tallarini@vd.ch<\/a><\/p>\n\n\n\n<p class=\"has-text-align-center has-contrast-color has-text-color has-link-color has-large-font-size wp-elements-d41dec49ac42f2fd9a88d433ed2332ef\" style=\"border-radius:35px\"><strong>Deux s\u00e9ances d\u2019information sont pr\u00e9vues dans la salle de conf\u00e9rence de l\u2019EPCA, le lundi 27 octobre et le vendredi 7 novembre 2025, de 12h30 \u00e0 13h20.<\/strong><\/p>\n\n\n\n<div class=\"wp-block-buttons alignwide is-content-justification-center is-layout-flex wp-container-core-buttons-is-layout-a89b3969 wp-block-buttons-is-layout-flex\">\n<div class=\"wp-block-button\"><a class=\"wp-block-button__link wp-element-button\" href=\"\/www\/contenu\/docs_divers\/2025-2026_Apprentissage%2BOne_Plaquette.pdf\">Flyer<\/a><\/div>\n\n\n\n<div class=\"wp-block-button has-custom-width wp-block-button__width-25\"><a class=\"wp-block-button__link wp-element-button\" href=\"\/www\/contenu\/docs_divers\/Inscription_A_ONE.pdf\" target=\"_blank\" rel=\"noreferrer noopener\">Formulaire d&rsquo;inscription<\/a><\/div>\n<\/div>\n\n\n\n<div class=\"wp-block-group has-global-padding is-layout-constrained wp-block-group-is-layout-constrained\">\n<div class=\"wp-block-columns is-layout-flex wp-container-core-columns-is-layout-28f84493 wp-block-columns-is-layout-flex\">\n<div class=\"wp-block-column is-layout-flow wp-block-column-is-layout-flow\" style=\"flex-basis:100%\"><\/div>\n<\/div>\n<\/div>\n<\/div>\n<\/div>\n\n\n\n<p><\/p>\n\n\n\n<p><\/p>\n","protected":false},"excerpt":{"rendered":"<p>Qu&rsquo;est-ce qu&rsquo;Apprentissage+One ? Le programme de mobilit\u00e9 Apprentissage+One repr\u00e9sente une exp\u00e9rience professionnelle \u00e0 l&rsquo;\u00e9tranger, mais \u00e9galement plus d\u2019ind\u00e9pendance et d\u2019autonomie, la connaissance de deux autres cultures, la pratique de deux langues \u00e9trang\u00e8res et une meilleure employabilit\u00e9 apr\u00e8s le CFC. Contenu du programme :&#8211; Un semestre dans un pays germanophone et un semestre dans un pays [&hellip;]<\/p>\n","protected":false},"author":1,"featured_media":0,"parent":0,"menu_order":0,"comment_status":"closed","ping_status":"closed","template":"","meta":{"footnotes":""},"class_list":["post-1682","page","type-page","status-publish","hentry"],"_links":{"self":[{"href":"https:\/\/www.epca.ch\/www\/wp-json\/wp\/v2\/pages\/1682","targetHints":{"allow":["GET"]}}],"collection":[{"href":"https:\/\/www.epca.ch\/www\/wp-json\/wp\/v2\/pages"}],"about":[{"href":"https:\/\/www.epca.ch\/www\/wp-json\/wp\/v2\/types\/page"}],"author":[{"embeddable":true,"href":"https:\/\/www.epca.ch\/www\/wp-json\/wp\/v2\/users\/1"}],"replies":[{"embeddable":true,"href":"https:\/\/www.epca.ch\/www\/wp-json\/wp\/v2\/comments?post=1682"}],"version-history":[{"count":21,"href":"https:\/\/www.epca.ch\/www\/wp-json\/wp\/v2\/pages\/1682\/revisions"}],"predecessor-version":[{"id":3041,"href":"https:\/\/www.epca.ch\/www\/wp-json\/wp\/v2\/pages\/1682\/revisions\/3041"}],"wp:attachment":[{"href":"https:\/\/www.epca.ch\/www\/wp-json\/wp\/v2\/media?parent=1682"}],"curies":[{"name":"wp","href":"https:\/\/api.w.org\/{rel}","templated":true}]}}

<div class="wp-block-columns is-layout-flex wp-container-core-columns-is-layout-9409fc81 wp-block-columns-is-layout-flex" style="margin-top:0px;margin-bottom:0px;padding-top:0;padding-right:var(--wp--preset--spacing--30);padding-bottom:0;padding-left:var(--wp--preset--spacing--30)">
<div class="wp-block-column has-background is-layout-flow wp-block-column-is-layout-flow" style="border-style:none;border-width:0px;border-top-right-radius:35px;background-color:#f2f2f2;padding-top:var(--wp--preset--spacing--40);padding-right:var(--wp--preset--spacing--40);padding-bottom:var(--wp--preset--spacing--40);padding-left:var(--wp--preset--spacing--40)">
<div class="wp-block-group is-nowrap is-layout-flex wp-container-core-group-is-layout-6c531013 wp-block-group-is-layout-flex">
<h2 class="wp-block-heading">Qu&rsquo;est-ce qu&rsquo;<span class="bleu-epca">Apprentissage+One</span> ?</h2>
</div>



<p>Le programme de mobilité Apprentissage+One représente une expérience professionnelle à l&rsquo;étranger, mais également plus d’indépendance et d’autonomie, la connaissance de deux autres cultures, la pratique de deux langues étrangères et une meilleure employabilité après le CFC.</p>



<p>Contenu du programme :<br>&#8211; Un semestre dans un pays germanophone et un semestre dans un pays anglophone<br>&#8211; Des cours de langue intensifs d’un mois au début de chaque séjour<br>&#8211; Deux stages en entreprise de quatre mois chacun<br>&#8211; Un suivi linguistique online durant les stages<br>&#8211; La possibilité de passer un examen de certification internationale dans chacune des langues.</p>



<div class="wp-block-group is-nowrap is-layout-flex wp-container-core-group-is-layout-b1ad4258 wp-block-group-is-layout-flex" style="padding-top:0;padding-bottom:var(--wp--preset--spacing--40)">
<p class="has-custom-bleu-color has-text-color has-link-color wp-elements-612bb8918654f8232baf9c040f308aae"><a href="https://www.vd.ch/formation/formation-professionnelle/stages-en-suisse-ou-a-letranger-pour-les-apprenties-etudiantes-es-et-jeunes-diplomees-vaudoises/apprentissage-one-stages-internationaux-pour-les-apprenties-et-apprentis-en-formation-duale" target="_blank" rel="noreferrer noopener">en savoir plus</a></p>



<figure class="wp-block-image size-full is-resized"><img loading="lazy" decoding="async" width="30" height="29" src="https://www.epca.ch/www/wp-content/uploads/2025/05/FlecheLien.webp" alt="" class="wp-image-2093" style="width:20px"/></figure>



<p></p>
</div>



<p>Votre contact à l&rsquo;EPCA : <a href="mailto:joyce.tallarini@vd.ch" target="_blank" rel="noreferrer noopener">joyce.tallarini@vd.ch</a></p>



<p class="has-text-align-center has-contrast-color has-text-color has-link-color has-large-font-size wp-elements-d41dec49ac42f2fd9a88d433ed2332ef" style="border-radius:35px"><strong>Deux séances d’information sont prévues dans la salle de conférence de l’EPCA, le lundi 27 octobre et le vendredi 7 novembre 2025, de 12h30 à 13h20.</strong></p>



<div class="wp-block-buttons alignwide is-content-justification-center is-layout-flex wp-container-core-buttons-is-layout-a89b3969 wp-block-buttons-is-layout-flex">
<div class="wp-block-button"><a class="wp-block-button__link wp-element-button" href="/www/contenu/docs_divers/2025-2026_Apprentissage%2BOne_Plaquette.pdf">Flyer</a></div>



<div class="wp-block-button has-custom-width wp-block-button__width-25"><a class="wp-block-button__link wp-element-button" href="/www/contenu/docs_divers/Inscription_A_ONE.pdf" target="_blank" rel="noreferrer noopener">Formulaire d&rsquo;inscription</a></div>
</div>



<div class="wp-block-group has-global-padding is-layout-constrained wp-block-group-is-layout-constrained">
<div class="wp-block-columns is-layout-flex wp-container-core-columns-is-layout-28f84493 wp-block-columns-is-layout-flex">
<div class="wp-block-column is-layout-flow wp-block-column-is-layout-flow" style="flex-basis:100%"></div>
</div>
</div>
</div>
</div>



<p></p>



<p></p>

<p>Qu&rsquo;est-ce qu&rsquo;Apprentissage+One ? Le programme de mobilité Apprentissage+One représente une expérience professionnelle à l&rsquo;étranger, mais également plus d’indépendance et d’autonomie, la connaissance de deux autres cultures, la pratique de deux langues étrangères et une meilleure employabilité après le CFC. Contenu du programme :&#8211; Un semestre dans un pays germanophone et un semestre dans un pays [&hellip;]</p>
