{"id":1741,"date":"2025-01-17T18:28:29","date_gmt":"2025-01-17T17:28:29","guid":{"rendered":"https:\/\/www.epca.ch\/www\/?page_id=1741"},"modified":"2026-03-24T08:42:51","modified_gmt":"2026-03-24T07:42:51","slug":"mobilite-apres-la-formation","status":"publish","type":"page","link":"https:\/\/www.epca.ch\/www\/mobilite-apres-la-formation\/","title":{"rendered":"Mobilit\u00e9 apr\u00e8s la formation"},"content":{"rendered":"\n<h2 class=\"wp-block-heading\">Vous souhaitez partir <span class=\"bleu-epca\">apr\u00e8s<\/span> avoir obtenu votre <span class=\"bleu-epca\">dipl\u00f4me<\/span> ?<\/h2>\n\n\n\n<div class=\"wp-block-columns is-layout-flex wp-container-core-columns-is-layout-9409fc81 wp-block-columns-is-layout-flex\" style=\"margin-top:0px;margin-bottom:0px;padding-top:0;padding-right:var(--wp--preset--spacing--30);padding-bottom:0;padding-left:var(--wp--preset--spacing--30)\">\n<div class=\"wp-block-column has-background is-layout-flow wp-block-column-is-layout-flow\" style=\"border-style:none;border-width:0px;border-top-right-radius:35px;background-color:#f2f2f2;padding-top:var(--wp--preset--spacing--40);padding-right:var(--wp--preset--spacing--40);padding-bottom:var(--wp--preset--spacing--40);padding-left:var(--wp--preset--spacing--40)\">\n<p>Au terme de sa formation, tout\u00b7e jeune vaudois\u00b7e, porteur\u00b7se d&rsquo;un dipl\u00f4me CFC depuis moins d&rsquo;une ann\u00e9e, peut obtenir une subvention afin de r\u00e9aliser un stage de mobilit\u00e9, d&rsquo;une dur\u00e9e de 3 \u00e0 12 mois, en Suisse ou \u00e0 l&rsquo;\u00e9tranger.<\/p>\n\n\n\n<p>En pratique<br>\u2022 Candidatures \u00e0 annoncer \u00e0 la DGEP ou \u00e0 la Direction de votre \u00e9cole professionnelle<br>\u2022 Pour certaines destinations, possibilit\u00e9 de disposer d\u2019une aide au placement<br>\u2022 Possibilit\u00e9 de commencer par un s\u00e9jour linguistique intensif pr\u00e9alable<br>\u2022 Monitoring et soutien administratif de la DGEP.<\/p>\n\n\n\n<div class=\"wp-block-group is-nowrap is-layout-flex wp-container-core-group-is-layout-b1ad4258 wp-block-group-is-layout-flex\" style=\"padding-top:0;padding-bottom:var(--wp--preset--spacing--40)\">\n<p class=\"has-custom-bleu-color has-text-color has-link-color wp-elements-b41d81e7171bc9fe9d3164b69efb75bf\"><a href=\"https:\/\/www.vd.ch\/formation\/formation-professionnelle\/stages-en-suisse-ou-a-letranger-pour-les-apprenties-etudiantes-es-et-jeunes-diplomees-vaudoises\" target=\"_blank\" rel=\"noreferrer noopener\">en savoir plus<\/a><\/p>\n\n\n\n<figure class=\"wp-block-image size-full is-resized\"><img loading=\"lazy\" decoding=\"async\" width=\"30\" height=\"29\" src=\"https:\/\/www.epca.ch\/www\/wp-content\/uploads\/2025\/05\/FlecheLien.webp\" alt=\"\" class=\"wp-image-2093\" style=\"width:20px\"\/><\/figure>\n\n\n\n<p><\/p>\n<\/div>\n\n\n\n<div class=\"wp-block-buttons is-content-justification-center is-layout-flex wp-container-core-buttons-is-layout-a89b3969 wp-block-buttons-is-layout-flex\">\n<div class=\"wp-block-button\"><a class=\"wp-block-button__link wp-element-button\" href=\"\/www\/contenu\/docs_divers\/formulaire-subvention-mobilite.pdf\" target=\"_blank\" rel=\"noreferrer noopener\">Formulaire de demande de subvention<\/a><\/div>\n<\/div>\n<\/div>\n\n\n\n<div class=\"wp-block-column has-global-padding is-layout-constrained wp-block-column-is-layout-constrained\">\n<figure class=\"wp-block-image alignfull size-full has-custom-border image-pleine-hauteur\"><img loading=\"lazy\" decoding=\"async\" width=\"2560\" height=\"1796\" src=\"https:\/\/www.epca.ch\/www\/wp-content\/uploads\/2025\/06\/femme-avec-diplome-scaled.jpg\" alt=\"\" class=\"wp-image-2664\" style=\"border-top-right-radius:40px\" srcset=\"https:\/\/www.epca.ch\/www\/wp-content\/uploads\/2025\/06\/femme-avec-diplome-scaled.jpg 2560w, https:\/\/www.epca.ch\/www\/wp-content\/uploads\/2025\/06\/femme-avec-diplome-300x211.jpg 300w, https:\/\/www.epca.ch\/www\/wp-content\/uploads\/2025\/06\/femme-avec-diplome-1024x719.jpg 1024w, https:\/\/www.epca.ch\/www\/wp-content\/uploads\/2025\/06\/femme-avec-diplome-768x539.jpg 768w, https:\/\/www.epca.ch\/www\/wp-content\/uploads\/2025\/06\/femme-avec-diplome-1536x1078.jpg 1536w, https:\/\/www.epca.ch\/www\/wp-content\/uploads\/2025\/06\/femme-avec-diplome-2048x1437.jpg 2048w\" sizes=\"auto, (max-width: 2560px) 100vw, 2560px\" \/><\/figure>\n<\/div>\n<\/div>\n\n\n\n<p><\/p>\n","protected":false},"excerpt":{"rendered":"<p>Vous souhaitez partir apr\u00e8s avoir obtenu votre dipl\u00f4me ? Au terme de sa formation, tout\u00b7e jeune vaudois\u00b7e, porteur\u00b7se d&rsquo;un dipl\u00f4me CFC depuis moins d&rsquo;une ann\u00e9e, peut obtenir une subvention afin de r\u00e9aliser un stage de mobilit\u00e9, d&rsquo;une dur\u00e9e de 3 \u00e0 12 mois, en Suisse ou \u00e0 l&rsquo;\u00e9tranger. En pratique\u2022 Candidatures \u00e0 annoncer \u00e0 la [&hellip;]<\/p>\n","protected":false},"author":1,"featured_media":0,"parent":0,"menu_order":0,"comment_status":"closed","ping_status":"closed","template":"","meta":{"footnotes":""},"class_list":["post-1741","page","type-page","status-publish","hentry"],"_links":{"self":[{"href":"https:\/\/www.epca.ch\/www\/wp-json\/wp\/v2\/pages\/1741","targetHints":{"allow":["GET"]}}],"collection":[{"href":"https:\/\/www.epca.ch\/www\/wp-json\/wp\/v2\/pages"}],"about":[{"href":"https:\/\/www.epca.ch\/www\/wp-json\/wp\/v2\/types\/page"}],"author":[{"embeddable":true,"href":"https:\/\/www.epca.ch\/www\/wp-json\/wp\/v2\/users\/1"}],"replies":[{"embeddable":true,"href":"https:\/\/www.epca.ch\/www\/wp-json\/wp\/v2\/comments?post=1741"}],"version-history":[{"count":9,"href":"https:\/\/www.epca.ch\/www\/wp-json\/wp\/v2\/pages\/1741\/revisions"}],"predecessor-version":[{"id":3099,"href":"https:\/\/www.epca.ch\/www\/wp-json\/wp\/v2\/pages\/1741\/revisions\/3099"}],"wp:attachment":[{"href":"https:\/\/www.epca.ch\/www\/wp-json\/wp\/v2\/media?parent=1741"}],"curies":[{"name":"wp","href":"https:\/\/api.w.org\/{rel}","templated":true}]}}

Mobilité après la formation

<h2 class="wp-block-heading">Vous souhaitez partir <span class="bleu-epca">après</span> avoir obtenu votre <span class="bleu-epca">diplôme</span> ?</h2>



<div class="wp-block-columns is-layout-flex wp-container-core-columns-is-layout-9409fc81 wp-block-columns-is-layout-flex" style="margin-top:0px;margin-bottom:0px;padding-top:0;padding-right:var(--wp--preset--spacing--30);padding-bottom:0;padding-left:var(--wp--preset--spacing--30)">
<div class="wp-block-column has-background is-layout-flow wp-block-column-is-layout-flow" style="border-style:none;border-width:0px;border-top-right-radius:35px;background-color:#f2f2f2;padding-top:var(--wp--preset--spacing--40);padding-right:var(--wp--preset--spacing--40);padding-bottom:var(--wp--preset--spacing--40);padding-left:var(--wp--preset--spacing--40)">
<p>Au terme de sa formation, tout·e jeune vaudois·e, porteur·se d&rsquo;un diplôme CFC depuis moins d&rsquo;une année, peut obtenir une subvention afin de réaliser un stage de mobilité, d&rsquo;une durée de 3 à 12 mois, en Suisse ou à l&rsquo;étranger.</p>



<p>En pratique<br>• Candidatures à annoncer à la DGEP ou à la Direction de votre école professionnelle<br>• Pour certaines destinations, possibilité de disposer d’une aide au placement<br>• Possibilité de commencer par un séjour linguistique intensif préalable<br>• Monitoring et soutien administratif de la DGEP.</p>



<div class="wp-block-group is-nowrap is-layout-flex wp-container-core-group-is-layout-b1ad4258 wp-block-group-is-layout-flex" style="padding-top:0;padding-bottom:var(--wp--preset--spacing--40)">
<p class="has-custom-bleu-color has-text-color has-link-color wp-elements-b41d81e7171bc9fe9d3164b69efb75bf"><a href="https://www.vd.ch/formation/formation-professionnelle/stages-en-suisse-ou-a-letranger-pour-les-apprenties-etudiantes-es-et-jeunes-diplomees-vaudoises" target="_blank" rel="noreferrer noopener">en savoir plus</a></p>



<figure class="wp-block-image size-full is-resized"><img loading="lazy" decoding="async" width="30" height="29" src="https://www.epca.ch/www/wp-content/uploads/2025/05/FlecheLien.webp" alt="" class="wp-image-2093" style="width:20px"/></figure>



<p></p>
</div>



<div class="wp-block-buttons is-content-justification-center is-layout-flex wp-container-core-buttons-is-layout-a89b3969 wp-block-buttons-is-layout-flex">
<div class="wp-block-button"><a class="wp-block-button__link wp-element-button" href="/www/contenu/docs_divers/formulaire-subvention-mobilite.pdf" target="_blank" rel="noreferrer noopener">Formulaire de demande de subvention</a></div>
</div>
</div>



<div class="wp-block-column has-global-padding is-layout-constrained wp-block-column-is-layout-constrained">
<figure class="wp-block-image alignfull size-full has-custom-border image-pleine-hauteur"><img loading="lazy" decoding="async" width="2560" height="1796" src="https://www.epca.ch/www/wp-content/uploads/2025/06/femme-avec-diplome-scaled.jpg" alt="" class="wp-image-2664" style="border-top-right-radius:40px" srcset="https://www.epca.ch/www/wp-content/uploads/2025/06/femme-avec-diplome-scaled.jpg 2560w, https://www.epca.ch/www/wp-content/uploads/2025/06/femme-avec-diplome-300x211.jpg 300w, https://www.epca.ch/www/wp-content/uploads/2025/06/femme-avec-diplome-1024x719.jpg 1024w, https://www.epca.ch/www/wp-content/uploads/2025/06/femme-avec-diplome-768x539.jpg 768w, https://www.epca.ch/www/wp-content/uploads/2025/06/femme-avec-diplome-1536x1078.jpg 1536w, https://www.epca.ch/www/wp-content/uploads/2025/06/femme-avec-diplome-2048x1437.jpg 2048w" sizes="auto, (max-width: 2560px) 100vw, 2560px" /></figure>
</div>
</div>



<p></p>

<p>Vous souhaitez partir après avoir obtenu votre diplôme ? Au terme de sa formation, tout·e jeune vaudois·e, porteur·se d&rsquo;un diplôme CFC depuis moins d&rsquo;une année, peut obtenir une subvention afin de réaliser un stage de mobilité, d&rsquo;une durée de 3 à 12 mois, en Suisse ou à l&rsquo;étranger. En pratique• Candidatures à annoncer à la [&hellip;]</p>
