{"id":2059,"date":"2025-05-26T09:34:40","date_gmt":"2025-05-26T07:34:40","guid":{"rendered":"https:\/\/www.epca.ch\/www\/?page_id=2059"},"modified":"2025-08-12T09:55:32","modified_gmt":"2025-08-12T07:55:32","slug":"ressources-informatiques-et-liens","status":"publish","type":"page","link":"https:\/\/www.epca.ch\/www\/ressources-informatiques-et-liens\/","title":{"rendered":"Ressources num\u00e9riques"},"content":{"rendered":"\n<h2 class=\"wp-block-heading\">Plateformes <span class=\"bleu-epca\">num\u00e9riques<\/span>  <\/h2>\n\n\n\n<figure class=\"wp-block-image aligncenter size-full fleche\"><img loading=\"lazy\" decoding=\"async\" width=\"30\" height=\"30\" src=\"https:\/\/www.epca.ch\/www\/wp-content\/uploads\/2025\/05\/fleche.png\" alt=\"\" class=\"wp-image-1948\"\/><\/figure>\n\n\n\n<p class=\"has-large-font-size\">Voici quelques liens utiles vers des plateformes num\u00e9riques utilis\u00e9es dans le cadre de l&rsquo;enseignement.<\/p>\n\n\n\n<div class=\"wp-block-group has-base-2-background-color has-background is-layout-flow wp-block-group-is-layout-flow\">\n<div class=\"wp-block-columns is-layout-flex wp-container-core-columns-is-layout-28f84493 wp-block-columns-is-layout-flex\">\n<div class=\"wp-block-column is-vertically-aligned-center is-layout-flow wp-block-column-is-layout-flow\" style=\"flex-basis:50%\">\n<figure class=\"wp-block-image aligncenter size-full is-resized\"><a href=\"https:\/\/eduvaud.sharepoint.com\/sites\/EPCA\/SitePages\/Eleves.aspx\" target=\"_blank\" rel=\"noreferrer noopener\"><img loading=\"lazy\" decoding=\"async\" width=\"396\" height=\"165\" src=\"https:\/\/www.epca.ch\/www\/wp-content\/uploads\/2022\/09\/logo_sharepoint_rattrapages.jpg\" alt=\"\" class=\"wp-image-379\" style=\"width:200px;height:undefinedpx\" srcset=\"https:\/\/www.epca.ch\/www\/wp-content\/uploads\/2022\/09\/logo_sharepoint_rattrapages.jpg 396w, https:\/\/www.epca.ch\/www\/wp-content\/uploads\/2022\/09\/logo_sharepoint_rattrapages-300x125.jpg 300w\" sizes=\"auto, (max-width: 396px) 100vw, 396px\" \/><\/a><\/figure>\n<\/div>\n\n\n\n<div class=\"wp-block-column is-layout-flow wp-block-column-is-layout-flow\" style=\"flex-basis:50%\">\n<figure class=\"wp-block-image aligncenter size-full is-resized\"><a href=\"\/www\/contenu\/docs_informatique\/InscriptionRecuperationMDP_O365.pdf\" target=\"_blank\" rel=\"noreferrer noopener\"><img loading=\"lazy\" decoding=\"async\" width=\"396\" height=\"165\" src=\"https:\/\/www.epca.ch\/www\/wp-content\/uploads\/2022\/09\/logo_recup_motdepasse.jpg\" alt=\"\" class=\"wp-image-377\" style=\"width:200px;height:83px\" srcset=\"https:\/\/www.epca.ch\/www\/wp-content\/uploads\/2022\/09\/logo_recup_motdepasse.jpg 396w, https:\/\/www.epca.ch\/www\/wp-content\/uploads\/2022\/09\/logo_recup_motdepasse-300x125.jpg 300w\" sizes=\"auto, (max-width: 396px) 100vw, 396px\" \/><\/a><\/figure>\n<\/div>\n\n\n\n<div class=\"wp-block-column is-vertically-aligned-center is-layout-flow wp-block-column-is-layout-flow\" style=\"flex-basis:50%\">\n<figure class=\"wp-block-image aligncenter size-full is-resized\"><a href=\"https:\/\/portal.office.com\" target=\"_blank\" rel=\"noreferrer noopener\"><img loading=\"lazy\" decoding=\"async\" width=\"396\" height=\"165\" src=\"https:\/\/www.epca.ch\/www\/wp-content\/uploads\/2022\/09\/logo_epca_office.jpg\" alt=\"\" class=\"wp-image-382\" style=\"width:200px;height:85px\" srcset=\"https:\/\/www.epca.ch\/www\/wp-content\/uploads\/2022\/09\/logo_epca_office.jpg 396w, https:\/\/www.epca.ch\/www\/wp-content\/uploads\/2022\/09\/logo_epca_office-300x125.jpg 300w\" sizes=\"auto, (max-width: 396px) 100vw, 396px\" \/><\/a><\/figure>\n<\/div>\n\n\n\n<div class=\"wp-block-column is-vertically-aligned-center is-layout-flow wp-block-column-is-layout-flow\" style=\"flex-basis:50%\">\n<figure class=\"wp-block-image aligncenter size-full is-resized\"><a href=\"\/www\/contenu\/docs_informatique\/WIFI_ELEVES.pdf\" target=\"_blank\" rel=\"noreferrer noopener\"><img loading=\"lazy\" decoding=\"async\" width=\"396\" height=\"165\" src=\"https:\/\/www.epca.ch\/www\/wp-content\/uploads\/2022\/09\/logo_wifi.jpg\" alt=\"\" class=\"wp-image-381\" style=\"width:200px;height:undefinedpx\" srcset=\"https:\/\/www.epca.ch\/www\/wp-content\/uploads\/2022\/09\/logo_wifi.jpg 396w, https:\/\/www.epca.ch\/www\/wp-content\/uploads\/2022\/09\/logo_wifi-300x125.jpg 300w\" sizes=\"auto, (max-width: 396px) 100vw, 396px\" \/><\/a><\/figure>\n<\/div>\n<\/div>\n\n\n\n<div class=\"wp-block-columns is-layout-flex wp-container-core-columns-is-layout-28f84493 wp-block-columns-is-layout-flex\">\n<div class=\"wp-block-column is-vertically-aligned-center is-layout-flow wp-block-column-is-layout-flow\" style=\"flex-basis:50%\">\n<figure class=\"wp-block-image aligncenter size-full is-resized\"><a href=\"https:\/\/teams.office.com\" target=\"_blank\" rel=\"noreferrer noopener\"><img loading=\"lazy\" decoding=\"async\" width=\"396\" height=\"165\" src=\"https:\/\/www.epca.ch\/www\/wp-content\/uploads\/2022\/09\/logo_epca_teams.jpg\" alt=\"\" class=\"wp-image-380\" style=\"width:200px;height:undefinedpx\" srcset=\"https:\/\/www.epca.ch\/www\/wp-content\/uploads\/2022\/09\/logo_epca_teams.jpg 396w, https:\/\/www.epca.ch\/www\/wp-content\/uploads\/2022\/09\/logo_epca_teams-300x125.jpg 300w\" sizes=\"auto, (max-width: 396px) 100vw, 396px\" \/><\/a><\/figure>\n<\/div>\n\n\n\n<div class=\"wp-block-column is-vertically-aligned-center is-layout-flow wp-block-column-is-layout-flow\" style=\"flex-basis:50%\">\n<figure class=\"wp-block-image aligncenter size-full is-resized\"><a href=\"https:\/\/www.canva.com\/fr_fr\/\" target=\"_blank\" rel=\"noreferrer noopener\"><img loading=\"lazy\" decoding=\"async\" width=\"396\" height=\"165\" src=\"https:\/\/www.epca.ch\/www\/wp-content\/uploads\/2023\/09\/logo_Canva-1.jpg\" alt=\"\" class=\"wp-image-1276\" style=\"width:200px;height:undefinedpx\" srcset=\"https:\/\/www.epca.ch\/www\/wp-content\/uploads\/2023\/09\/logo_Canva-1.jpg 396w, https:\/\/www.epca.ch\/www\/wp-content\/uploads\/2023\/09\/logo_Canva-1-300x125.jpg 300w\" sizes=\"auto, (max-width: 396px) 100vw, 396px\" \/><\/a><\/figure>\n<\/div>\n\n\n\n<div class=\"wp-block-column is-vertically-aligned-center is-layout-flow wp-block-column-is-layout-flow\" style=\"flex-basis:50%\">\n<figure class=\"wp-block-image aligncenter size-full is-resized\"><a href=\"https:\/\/new.express.adobe.com\" target=\"_blank\" rel=\"noreferrer noopener\"><img loading=\"lazy\" decoding=\"async\" width=\"396\" height=\"165\" src=\"https:\/\/www.epca.ch\/www\/wp-content\/uploads\/2023\/09\/logo_Adobe_Express.jpg\" alt=\"\" class=\"wp-image-1275\" style=\"width:200px;height:undefinedpx\" srcset=\"https:\/\/www.epca.ch\/www\/wp-content\/uploads\/2023\/09\/logo_Adobe_Express.jpg 396w, https:\/\/www.epca.ch\/www\/wp-content\/uploads\/2023\/09\/logo_Adobe_Express-300x125.jpg 300w\" sizes=\"auto, (max-width: 396px) 100vw, 396px\" \/><\/a><\/figure>\n<\/div>\n\n\n\n<div class=\"wp-block-column is-vertically-aligned-center is-layout-flow wp-block-column-is-layout-flow\" style=\"flex-basis:50%\">\n<figure class=\"wp-block-image aligncenter size-full is-resized\"><a href=\"https:\/\/www.epca.ch\/moodle\" target=\"_blank\" rel=\"noreferrer noopener\"><img loading=\"lazy\" decoding=\"async\" width=\"396\" height=\"165\" src=\"https:\/\/www.epca.ch\/www\/wp-content\/uploads\/2022\/09\/logo_epca_moodle.jpg\" alt=\"\" class=\"wp-image-378\" style=\"width:200px;height:undefinedpx\" srcset=\"https:\/\/www.epca.ch\/www\/wp-content\/uploads\/2022\/09\/logo_epca_moodle.jpg 396w, https:\/\/www.epca.ch\/www\/wp-content\/uploads\/2022\/09\/logo_epca_moodle-300x125.jpg 300w\" sizes=\"auto, (max-width: 396px) 100vw, 396px\" \/><\/a><\/figure>\n<\/div>\n<\/div>\n<\/div>\n\n\n\n<div class=\"wp-block-columns is-layout-flex wp-container-core-columns-is-layout-28f84493 wp-block-columns-is-layout-flex\">\n<div class=\"wp-block-column is-layout-flow wp-block-column-is-layout-flow\"><\/div>\n<\/div>\n\n\n\n<div class=\"wp-block-columns is-layout-flex wp-container-core-columns-is-layout-9409fc81 wp-block-columns-is-layout-flex\" style=\"margin-top:0px;margin-bottom:0px;padding-top:0;padding-right:var(--wp--preset--spacing--30);padding-bottom:0;padding-left:var(--wp--preset--spacing--30)\">\n<div class=\"wp-block-column has-background is-layout-flow wp-block-column-is-layout-flow\" style=\"border-style:none;border-width:0px;border-top-right-radius:35px;background-color:#f2f2f2;padding-top:var(--wp--preset--spacing--40);padding-right:var(--wp--preset--spacing--40);padding-bottom:var(--wp--preset--spacing--40);padding-left:var(--wp--preset--spacing--40)\">\n<div class=\"wp-block-group is-nowrap is-layout-flex wp-container-core-group-is-layout-6c531013 wp-block-group-is-layout-flex\">\n<h2 class=\"wp-block-heading\">Documents en lien avec le plagiat et <span class=\"bleu-epca\">l&rsquo;IA<\/span> <\/h2>\n\n\n\n<figure class=\"wp-block-image size-full fleche\"><img loading=\"lazy\" decoding=\"async\" width=\"30\" height=\"30\" src=\"https:\/\/www.epca.ch\/www\/wp-content\/uploads\/2025\/05\/fleche.png\" alt=\"\" class=\"wp-image-1948\"\/><\/figure>\n<\/div>\n\n\n\n<div class=\"wp-block-group has-global-padding is-layout-constrained wp-block-group-is-layout-constrained\">\n<div class=\"wp-block-columns is-layout-flex wp-container-core-columns-is-layout-28f84493 wp-block-columns-is-layout-flex\">\n<div class=\"wp-block-column is-layout-flow wp-block-column-is-layout-flow\" style=\"flex-basis:100%\"><\/div>\n<\/div>\n\n\n\n<div class=\"wp-block-buttons is-content-justification-center is-layout-flex wp-container-core-buttons-is-layout-a89b3969 wp-block-buttons-is-layout-flex\">\n<div class=\"wp-block-button\"><a class=\"wp-block-button__link wp-element-button\" href=\"\/www\/contenu\/docs_divers\/EPCA%20-%20Directive%20plagiat%20et%20IA.pdf\" target=\"_blank\" rel=\"noreferrer noopener\">Directive plagiat et IA<\/a><\/div>\n\n\n\n<div class=\"wp-block-button\"><a class=\"wp-block-button__link wp-element-button\" href=\"\/www\/contenu\/docs_divers\/Guide%20IA%20e%CC%81le%CC%80ves%20DGEP.pdf\" target=\"_blank\" rel=\"noreferrer noopener\">Guide IA<\/a><\/div>\n\n\n\n<div class=\"wp-block-button\"><a class=\"wp-block-button__link wp-element-button\" href=\"\/www\/contenu\/docs_divers\/EPCA%20-%20Guide%20anti-plagiat.pdf\" target=\"_blank\" rel=\"noreferrer noopener\">Guide anti-plagiat<\/a><\/div>\n<\/div>\n\n\n\n<figure class=\"wp-block-image aligncenter size-full has-custom-border image-pleine-hauteur\"><img loading=\"lazy\" decoding=\"async\" width=\"498\" height=\"595\" src=\"https:\/\/www.epca.ch\/www\/wp-content\/uploads\/2025\/06\/IA-et-plagiat.png\" alt=\"\" class=\"wp-image-2575\" style=\"border-top-right-radius:40px\" srcset=\"https:\/\/www.epca.ch\/www\/wp-content\/uploads\/2025\/06\/IA-et-plagiat.png 498w, https:\/\/www.epca.ch\/www\/wp-content\/uploads\/2025\/06\/IA-et-plagiat-251x300.png 251w\" sizes=\"auto, (max-width: 498px) 100vw, 498px\" \/><\/figure>\n<\/div>\n<\/div>\n<\/div>\n\n\n\n<div class=\"wp-block-columns is-layout-flex wp-container-core-columns-is-layout-9409fc81 wp-block-columns-is-layout-flex\" style=\"margin-top:0px;margin-bottom:0px;padding-top:0;padding-right:var(--wp--preset--spacing--30);padding-bottom:0;padding-left:var(--wp--preset--spacing--30)\">\n<div class=\"wp-block-column has-background is-layout-flow wp-block-column-is-layout-flow\" style=\"border-style:none;border-width:0px;border-top-right-radius:35px;background-color:#f2f2f2;padding-top:var(--wp--preset--spacing--40);padding-right:var(--wp--preset--spacing--40);padding-bottom:var(--wp--preset--spacing--40);padding-left:var(--wp--preset--spacing--40)\">\n<div class=\"wp-block-group is-nowrap is-layout-flex wp-container-core-group-is-layout-6c531013 wp-block-group-is-layout-flex\">\n<h2 class=\"wp-block-heading\">Aide pour se connecter \u00e0 <span class=\"bleu-epca\">Teams<\/span><\/h2>\n\n\n\n<figure class=\"wp-block-image size-full fleche\"><img loading=\"lazy\" decoding=\"async\" width=\"30\" height=\"30\" src=\"https:\/\/www.epca.ch\/www\/wp-content\/uploads\/2025\/05\/fleche.png\" alt=\"\" class=\"wp-image-1948\"\/><\/figure>\n<\/div>\n\n\n\n<div class=\"wp-block-group has-global-padding is-layout-constrained wp-block-group-is-layout-constrained\">\n<div class=\"wp-block-columns is-layout-flex wp-container-core-columns-is-layout-28f84493 wp-block-columns-is-layout-flex\">\n<div class=\"wp-block-column is-layout-flow wp-block-column-is-layout-flow\" style=\"flex-basis:100%\"><\/div>\n<\/div>\n\n\n\n<div class=\"wp-block-buttons is-content-justification-center is-layout-flex wp-container-core-buttons-is-layout-a89b3969 wp-block-buttons-is-layout-flex\">\n<div class=\"wp-block-button\"><a class=\"wp-block-button__link wp-element-button\" href=\"https:\/\/www.eduvaud.ch\/ressources-pedagogiques\/ressources-eleves\/\" target=\"_blank\" rel=\"noreferrer noopener\">Lien<\/a><\/div>\n<\/div>\n<\/div>\n<\/div>\n<\/div>\n","protected":false},"excerpt":{"rendered":"<p>Plateformes num\u00e9riques Voici quelques liens utiles vers des plateformes num\u00e9riques utilis\u00e9es dans le cadre de l&rsquo;enseignement. Documents en lien avec le plagiat et l&rsquo;IA Aide pour se connecter \u00e0 Teams<\/p>\n","protected":false},"author":3,"featured_media":0,"parent":0,"menu_order":0,"comment_status":"closed","ping_status":"closed","template":"","meta":{"footnotes":""},"class_list":["post-2059","page","type-page","status-publish","hentry"],"_links":{"self":[{"href":"https:\/\/www.epca.ch\/www\/wp-json\/wp\/v2\/pages\/2059","targetHints":{"allow":["GET"]}}],"collection":[{"href":"https:\/\/www.epca.ch\/www\/wp-json\/wp\/v2\/pages"}],"about":[{"href":"https:\/\/www.epca.ch\/www\/wp-json\/wp\/v2\/types\/page"}],"author":[{"embeddable":true,"href":"https:\/\/www.epca.ch\/www\/wp-json\/wp\/v2\/users\/3"}],"replies":[{"embeddable":true,"href":"https:\/\/www.epca.ch\/www\/wp-json\/wp\/v2\/comments?post=2059"}],"version-history":[{"count":8,"href":"https:\/\/www.epca.ch\/www\/wp-json\/wp\/v2\/pages\/2059\/revisions"}],"predecessor-version":[{"id":2925,"href":"https:\/\/www.epca.ch\/www\/wp-json\/wp\/v2\/pages\/2059\/revisions\/2925"}],"wp:attachment":[{"href":"https:\/\/www.epca.ch\/www\/wp-json\/wp\/v2\/media?parent=2059"}],"curies":[{"name":"wp","href":"https:\/\/api.w.org\/{rel}","templated":true}]}}