{"id":2609,"date":"2025-06-25T11:59:07","date_gmt":"2025-06-25T09:59:07","guid":{"rendered":"https:\/\/www.epca.ch\/www\/?page_id=2609"},"modified":"2026-04-02T15:51:01","modified_gmt":"2026-04-02T13:51:01","slug":"actualite-et-infos-utiles","status":"publish","type":"page","link":"https:\/\/www.epca.ch\/www\/actualite-et-infos-utiles\/","title":{"rendered":"Actualit\u00e9 et infos utiles"},"content":{"rendered":"\n<div class=\"wp-block-columns is-layout-flex wp-container-core-columns-is-layout-9409fc81 wp-block-columns-is-layout-flex\" style=\"margin-top:0px;margin-bottom:0px;padding-top:0;padding-right:var(--wp--preset--spacing--30);padding-bottom:0;padding-left:var(--wp--preset--spacing--30)\">\n<div class=\"wp-block-column has-global-padding is-layout-constrained wp-block-column-is-layout-constrained\">\n<figure class=\"wp-block-image alignfull size-full has-custom-border image-pleine-hauteur\"><img loading=\"lazy\" decoding=\"async\" width=\"724\" height=\"483\" src=\"https:\/\/www.epca.ch\/www\/wp-content\/uploads\/2025\/05\/babyfoot.webp\" alt=\"\" class=\"wp-image-2010\" style=\"border-top-right-radius:40px\" srcset=\"https:\/\/www.epca.ch\/www\/wp-content\/uploads\/2025\/05\/babyfoot.webp 724w, https:\/\/www.epca.ch\/www\/wp-content\/uploads\/2025\/05\/babyfoot-300x200.webp 300w\" sizes=\"auto, (max-width: 724px) 100vw, 724px\" \/><\/figure>\n<\/div>\n\n\n\n<div class=\"wp-block-column has-background is-layout-flow wp-block-column-is-layout-flow\" style=\"border-style:none;border-width:0px;border-top-right-radius:35px;background-color:#f2f2f2;padding-top:var(--wp--preset--spacing--40);padding-right:var(--wp--preset--spacing--40);padding-bottom:var(--wp--preset--spacing--40);padding-left:var(--wp--preset--spacing--40)\">\n<div class=\"wp-block-group is-nowrap is-layout-flex wp-container-core-group-is-layout-6c531013 wp-block-group-is-layout-flex\">\n<h2 class=\"wp-block-heading\">Actualit\u00e9 et infos <span class=\"bleu-epca\">utiles<\/span><\/h2>\n\n\n\n<figure class=\"wp-block-image size-full fleche\"><img loading=\"lazy\" decoding=\"async\" width=\"30\" height=\"30\" src=\"https:\/\/www.epca.ch\/www\/wp-content\/uploads\/2025\/05\/fleche.png\" alt=\"\" class=\"wp-image-1948\"\/><\/figure>\n<\/div>\n\n\n\n<p>La page \u00ab Actualit\u00e9 &amp; Infos utiles \u00bb de l\u2019EPCA regroupe toutes les informations essentielles pour les \u00e9l\u00e8ves, les responsables de formation, les repr\u00e9sentants l\u00e9gaux et le personnel de l\u2019\u00e9cole. On y trouve les derni\u00e8res nouvelles de l\u2019\u00e9tablissement, les \u00e9v\u00e9nements \u00e0 venir, les projets en cours, ainsi que les annonces importantes li\u00e9es \u00e0 la vie scolaire.<\/p>\n\n\n\n<p>Cette page sert \u00e9galement de point de rep\u00e8re pour acc\u00e9der rapidement \u00e0 des ressources pratiques comme les horaires, les documents officiels, les soutiens disponibles ou encore des bons plans comme le Passculture, qui permet aux \u00e9l\u00e8ves de d\u00e9couvrir des \u00e9v\u00e9nements culturels \u00e0 prix r\u00e9duit. Un espace \u00e0 consulter r\u00e9guli\u00e8rement pour rester connect\u00e9\u00b7e \u00e0 la vie de l\u2019\u00e9cole !<\/p>\n<\/div>\n<\/div>\n\n\n\n<div class=\"wp-block-columns has-base-background-color has-background is-layout-flex wp-container-core-columns-is-layout-28f84493 wp-block-columns-is-layout-flex\">\n<div class=\"wp-block-column is-layout-flow wp-block-column-is-layout-flow\">\n<h2 class=\"wp-block-heading\"><span class=\"bleu-epca\">Documents <\/span>utiles \u00e0 votre formation<\/h2>\n<\/div>\n\n\n\n<div class=\"wp-block-column is-layout-flow wp-block-column-is-layout-flow\">\n<div class=\"wp-block-buttons is-layout-flex wp-block-buttons-is-layout-flex\">\n<div class=\"wp-block-button\"><a class=\"wp-block-button__link wp-element-button\" href=\"\/www\/contenu\/InfosDeBase\/2025-2026_CalendrierGeneral.pdf\" target=\"_blank\" rel=\"noreferrer noopener\">Calendrier 2025-2026<\/a><\/div>\n\n\n\n<div class=\"wp-block-button\"><a class=\"wp-block-button__link wp-element-button\" href=\"\/www\/contenu\/docs_divers\/Horaire%2025-26.pdf\" target=\"_blank\" rel=\"noreferrer noopener\">Horaire 2025-2026<\/a><\/div>\n\n\n\n<div class=\"wp-block-button\"><a class=\"wp-block-button__link wp-element-button\" href=\"\/www\/contenu\/InfosDeBase\/2025-2026_JoursDeCours.pdf\" target=\"_blank\" rel=\"noreferrer noopener\">Jours de cours 2025-2026<\/a><\/div>\n\n\n\n<div class=\"wp-block-button\"><a class=\"wp-block-button__link wp-element-button\" href=\"\/www\/contenu\/docs_filieres\/PEE%20Sport%202025%20-%202026.pdf\" target=\"_blank\" rel=\"noreferrer noopener\">Sport 2025-2026<\/a><\/div>\n\n\n\n<div class=\"wp-block-button\"><a class=\"wp-block-button__link wp-element-button\" href=\"\/www\/contenu\/docs_divers\/2026-2027_JoursDeCours.pdf\" target=\"_blank\" rel=\"noreferrer noopener\">Jours de cours 2026-2027<\/a><\/div>\n<\/div>\n<\/div>\n<\/div>\n\n\n\n<div class=\"wp-block-columns has-base-background-color has-background is-layout-flex wp-container-core-columns-is-layout-28f84493 wp-block-columns-is-layout-flex\">\n<div class=\"wp-block-column is-layout-flow wp-block-column-is-layout-flow\">\n<h2 class=\"wp-block-heading\"><span class=\"bleu-epca\">Documents <\/span>\u00e0 destination des \u00e9l\u00e8ves de <span class=\"bleu-epca\">2\u00e8me <\/span>ann\u00e9e et <span class=\"bleu-epca\">3\u00e8me <\/span>ann\u00e9e<\/h2>\n\n\n\n<p>Pour les \u00e9l\u00e8ves poursuivant leur formation \u00e0 l&rsquo;EPCA, un fichier informatif quant \u00e0 leur(s) jour(s) de cours ainsi que les manuels \u00e0 se procurer se trouve \u00e0 disposition ici.<\/p>\n<\/div>\n\n\n\n<div class=\"wp-block-column is-layout-flow wp-block-column-is-layout-flow\">\n<div class=\"wp-block-buttons is-layout-flex wp-block-buttons-is-layout-flex\">\n<div class=\"wp-block-button\"><a class=\"wp-block-button__link wp-element-button\" href=\"\/www\/contenu\/InfosDeBase\/Tableau_Jours%20de%20cours_Rentr%C3%A9e.xlsx\" target=\"_blank\" rel=\"noreferrer noopener\">Informations 2\u00e8me et 3\u00e8me ann\u00e9es rentr\u00e9e 2025 <\/a><\/div>\n<\/div>\n<\/div>\n<\/div>\n\n\n\n<div class=\"wp-block-columns is-layout-flex wp-container-core-columns-is-layout-28f84493 wp-block-columns-is-layout-flex\">\n<div class=\"wp-block-column has-base-background-color has-background is-layout-flow wp-block-column-is-layout-flow\">\n<figure class=\"wp-block-image size-full\"><img loading=\"lazy\" decoding=\"async\" width=\"2048\" height=\"1536\" src=\"https:\/\/www.epca.ch\/www\/wp-content\/uploads\/2025\/06\/groupe-dehors.jpg\" alt=\"\" class=\"wp-image-2584\" srcset=\"https:\/\/www.epca.ch\/www\/wp-content\/uploads\/2025\/06\/groupe-dehors.jpg 2048w, https:\/\/www.epca.ch\/www\/wp-content\/uploads\/2025\/06\/groupe-dehors-300x225.jpg 300w, https:\/\/www.epca.ch\/www\/wp-content\/uploads\/2025\/06\/groupe-dehors-1024x768.jpg 1024w, https:\/\/www.epca.ch\/www\/wp-content\/uploads\/2025\/06\/groupe-dehors-768x576.jpg 768w, https:\/\/www.epca.ch\/www\/wp-content\/uploads\/2025\/06\/groupe-dehors-1536x1152.jpg 1536w\" sizes=\"auto, (max-width: 2048px) 100vw, 2048px\" \/><\/figure>\n<\/div>\n\n\n\n<div class=\"wp-block-column has-base-background-color has-background is-layout-flow wp-block-column-is-layout-flow\">\n<h2 class=\"wp-block-heading\">S\u00e9jour linguistique \u00e0 <span class=\"bleu-epca\">Munich<\/span> <\/h2>\n\n\n\n<p>L&rsquo;EPCA propose un s\u00e9jour linguistique d&rsquo;une semaine \u00e0 Munich du 13 au 20 juin 2026. Ce programme de mobilit\u00e9 repr\u00e9sente une opportunit\u00e9 de d\u00e9velopper ses connaissances en allemand ainsi que son ouverture \u00e0 une autre culture.<\/p>\n\n\n\n<div class=\"wp-block-group is-nowrap is-layout-flex wp-container-core-group-is-layout-b1ad4258 wp-block-group-is-layout-flex\" style=\"padding-top:0;padding-bottom:var(--wp--preset--spacing--40)\">\n<p class=\"has-custom-bleu-color has-text-color has-link-color wp-elements-354309d93ede588246344560d9ad3dcc\"><a href=\"https:\/\/www.epca.ch\/www\/sejour-linguistique-berlin\/\" target=\"_blank\" rel=\"noreferrer noopener\">en savoir plus<\/a><\/p>\n\n\n\n<figure class=\"wp-block-image size-full is-resized\"><img loading=\"lazy\" decoding=\"async\" width=\"30\" height=\"29\" src=\"https:\/\/www.epca.ch\/www\/wp-content\/uploads\/2025\/05\/FlecheLien.webp\" alt=\"\" class=\"wp-image-2093\" style=\"width:20px\"\/><\/figure>\n<\/div>\n<\/div>\n<\/div>\n\n\n\n<div class=\"wp-block-columns is-layout-flex wp-container-core-columns-is-layout-28f84493 wp-block-columns-is-layout-flex\">\n<div class=\"wp-block-column has-base-background-color has-background is-layout-flow wp-block-column-is-layout-flow\">\n<h2 class=\"wp-block-heading has-custom-bleu-color has-text-color has-link-color wp-elements-cda775e20e4d149770703260796238c3\">Passculture<\/h2>\n\n\n\n<p>le&nbsp;Passculture&nbsp;(aussi appel\u00e9 parfois \u00ab Pass Culturel \u00bb ou \u00ab CarteCulture \u00bb selon les cantons) est une initiative qui vise \u00e0&nbsp;rendre la culture plus accessible aux jeunes et aux personnes en formation.<\/p>\n\n\n\n<p>Le Passculture offre un tarif de CHF 5.- pour les \u00e9tudiant\u00b7e\u00b7s dans 46 lieux culturels vaudois, proposant th\u00e9\u00e2tre, musique, danse, humour et cin\u00e9ma.<br>La liste des lieux partenaires figure sur le site du Passulture, www.passculture.ch.<\/p>\n\n\n\n<div class=\"wp-block-buttons is-layout-flex wp-block-buttons-is-layout-flex\">\n<div class=\"wp-block-button\"><a class=\"wp-block-button__link wp-element-button\" href=\"\/www\/contenu\/docs_divers\/Newsletter%20Passculture%20avril-juin%202026.pdf\" target=\"_blank\" rel=\"noreferrer noopener\">Offres avril-juin 2026<\/a><\/div>\n<\/div>\n\n\n\n<figure class=\"wp-block-image size-full\"><img loading=\"lazy\" decoding=\"async\" width=\"732\" height=\"1024\" src=\"https:\/\/www.epca.ch\/www\/wp-content\/uploads\/2025\/05\/Pub-passculture-732x1024-1.webp\" alt=\"\" class=\"wp-image-2024\" srcset=\"https:\/\/www.epca.ch\/www\/wp-content\/uploads\/2025\/05\/Pub-passculture-732x1024-1.webp 732w, https:\/\/www.epca.ch\/www\/wp-content\/uploads\/2025\/05\/Pub-passculture-732x1024-1-214x300.webp 214w\" sizes=\"auto, (max-width: 732px) 100vw, 732px\" \/><\/figure>\n<\/div>\n\n\n\n<div class=\"wp-block-column has-base-background-color has-background is-layout-flow wp-block-column-is-layout-flow\">\n<h2 class=\"wp-block-heading\">Formation <span class=\"bleu-epca\">bilingue<\/span> fran\u00e7ais-anglais<\/h2>\n\n\n\n<p>Si la formation bilingue fran\u00e7ais-anglais d\u2019employ\u00e9\u00b7e de commerce CFC vous int\u00e9resse, n\u2019h\u00e9sitez pas \u00e0 nous contacter ou \u00e0 consulter les informations sur la page d\u00e9di\u00e9e \u00e0 cet effet.<\/p>\n\n\n\n<div class=\"wp-block-group is-nowrap is-layout-flex wp-container-core-group-is-layout-b1ad4258 wp-block-group-is-layout-flex\" style=\"padding-top:0;padding-bottom:var(--wp--preset--spacing--40)\">\n<p class=\"has-custom-bleu-color has-text-color has-link-color wp-elements-06ce8aeb26f2eb6ea9170457a1282e80\"><a href=\"https:\/\/www.vd.ch\/formation\/formation-professionnelle\/formations-commerciales-bilingues-francais-anglais\" target=\"_blank\" rel=\"noreferrer noopener\">en savoir plus<\/a><\/p>\n\n\n\n<figure class=\"wp-block-image size-full is-resized\"><img loading=\"lazy\" decoding=\"async\" width=\"30\" height=\"29\" src=\"https:\/\/www.epca.ch\/www\/wp-content\/uploads\/2025\/05\/FlecheLien.webp\" alt=\"\" class=\"wp-image-2093\" style=\"width:20px\"\/><\/figure>\n<\/div>\n\n\n\n<figure class=\"wp-block-image size-large\"><img loading=\"lazy\" decoding=\"async\" width=\"1024\" height=\"684\" src=\"https:\/\/www.epca.ch\/www\/wp-content\/uploads\/2025\/06\/piles-de-livres-anglais-sur-la-table-de-l-espace-de-travail-1024x684.jpg\" alt=\"\" class=\"wp-image-2527\" srcset=\"https:\/\/www.epca.ch\/www\/wp-content\/uploads\/2025\/06\/piles-de-livres-anglais-sur-la-table-de-l-espace-de-travail-1024x684.jpg 1024w, https:\/\/www.epca.ch\/www\/wp-content\/uploads\/2025\/06\/piles-de-livres-anglais-sur-la-table-de-l-espace-de-travail-300x200.jpg 300w, https:\/\/www.epca.ch\/www\/wp-content\/uploads\/2025\/06\/piles-de-livres-anglais-sur-la-table-de-l-espace-de-travail-768x513.jpg 768w, https:\/\/www.epca.ch\/www\/wp-content\/uploads\/2025\/06\/piles-de-livres-anglais-sur-la-table-de-l-espace-de-travail-1536x1025.jpg 1536w, https:\/\/www.epca.ch\/www\/wp-content\/uploads\/2025\/06\/piles-de-livres-anglais-sur-la-table-de-l-espace-de-travail-2048x1367.jpg 2048w\" sizes=\"auto, (max-width: 1024px) 100vw, 1024px\" \/><\/figure>\n<\/div>\n<\/div>\n","protected":false},"excerpt":{"rendered":"<p>Actualit\u00e9 et infos utiles La page \u00ab Actualit\u00e9 &amp; Infos utiles \u00bb de l\u2019EPCA regroupe toutes les informations essentielles pour les \u00e9l\u00e8ves, les responsables de formation, les repr\u00e9sentants l\u00e9gaux et le personnel de l\u2019\u00e9cole. On y trouve les derni\u00e8res nouvelles de l\u2019\u00e9tablissement, les \u00e9v\u00e9nements \u00e0 venir, les projets en cours, ainsi que les annonces importantes [&hellip;]<\/p>\n","protected":false},"author":1,"featured_media":0,"parent":0,"menu_order":0,"comment_status":"closed","ping_status":"closed","template":"","meta":{"footnotes":""},"class_list":["post-2609","page","type-page","status-publish","hentry"],"_links":{"self":[{"href":"https:\/\/www.epca.ch\/www\/wp-json\/wp\/v2\/pages\/2609","targetHints":{"allow":["GET"]}}],"collection":[{"href":"https:\/\/www.epca.ch\/www\/wp-json\/wp\/v2\/pages"}],"about":[{"href":"https:\/\/www.epca.ch\/www\/wp-json\/wp\/v2\/types\/page"}],"author":[{"embeddable":true,"href":"https:\/\/www.epca.ch\/www\/wp-json\/wp\/v2\/users\/1"}],"replies":[{"embeddable":true,"href":"https:\/\/www.epca.ch\/www\/wp-json\/wp\/v2\/comments?post=2609"}],"version-history":[{"count":17,"href":"https:\/\/www.epca.ch\/www\/wp-json\/wp\/v2\/pages\/2609\/revisions"}],"predecessor-version":[{"id":3113,"href":"https:\/\/www.epca.ch\/www\/wp-json\/wp\/v2\/pages\/2609\/revisions\/3113"}],"wp:attachment":[{"href":"https:\/\/www.epca.ch\/www\/wp-json\/wp\/v2\/media?parent=2609"}],"curies":[{"name":"wp","href":"https:\/\/api.w.org\/{rel}","templated":true}]}}

Actualité et infos utiles

<div class="wp-block-columns is-layout-flex wp-container-core-columns-is-layout-9409fc81 wp-block-columns-is-layout-flex" style="margin-top:0px;margin-bottom:0px;padding-top:0;padding-right:var(--wp--preset--spacing--30);padding-bottom:0;padding-left:var(--wp--preset--spacing--30)">
<div class="wp-block-column has-global-padding is-layout-constrained wp-block-column-is-layout-constrained">
<figure class="wp-block-image alignfull size-full has-custom-border image-pleine-hauteur"><img loading="lazy" decoding="async" width="724" height="483" src="https://www.epca.ch/www/wp-content/uploads/2025/05/babyfoot.webp" alt="" class="wp-image-2010" style="border-top-right-radius:40px" srcset="https://www.epca.ch/www/wp-content/uploads/2025/05/babyfoot.webp 724w, https://www.epca.ch/www/wp-content/uploads/2025/05/babyfoot-300x200.webp 300w" sizes="auto, (max-width: 724px) 100vw, 724px" /></figure>
</div>



<div class="wp-block-column has-background is-layout-flow wp-block-column-is-layout-flow" style="border-style:none;border-width:0px;border-top-right-radius:35px;background-color:#f2f2f2;padding-top:var(--wp--preset--spacing--40);padding-right:var(--wp--preset--spacing--40);padding-bottom:var(--wp--preset--spacing--40);padding-left:var(--wp--preset--spacing--40)">
<div class="wp-block-group is-nowrap is-layout-flex wp-container-core-group-is-layout-6c531013 wp-block-group-is-layout-flex">
<h2 class="wp-block-heading">Actualité et infos <span class="bleu-epca">utiles</span></h2>



<figure class="wp-block-image size-full fleche"><img loading="lazy" decoding="async" width="30" height="30" src="https://www.epca.ch/www/wp-content/uploads/2025/05/fleche.png" alt="" class="wp-image-1948"/></figure>
</div>



<p>La page « Actualité &amp; Infos utiles » de l’EPCA regroupe toutes les informations essentielles pour les élèves, les responsables de formation, les représentants légaux et le personnel de l’école. On y trouve les dernières nouvelles de l’établissement, les événements à venir, les projets en cours, ainsi que les annonces importantes liées à la vie scolaire.</p>



<p>Cette page sert également de point de repère pour accéder rapidement à des ressources pratiques comme les horaires, les documents officiels, les soutiens disponibles ou encore des bons plans comme le Passculture, qui permet aux élèves de découvrir des événements culturels à prix réduit. Un espace à consulter régulièrement pour rester connecté·e à la vie de l’école !</p>
</div>
</div>



<div class="wp-block-columns has-base-background-color has-background is-layout-flex wp-container-core-columns-is-layout-28f84493 wp-block-columns-is-layout-flex">
<div class="wp-block-column is-layout-flow wp-block-column-is-layout-flow">
<h2 class="wp-block-heading"><span class="bleu-epca">Documents </span>utiles à votre formation</h2>
</div>



<div class="wp-block-column is-layout-flow wp-block-column-is-layout-flow">
<div class="wp-block-buttons is-layout-flex wp-block-buttons-is-layout-flex">
<div class="wp-block-button"><a class="wp-block-button__link wp-element-button" href="/www/contenu/InfosDeBase/2025-2026_CalendrierGeneral.pdf" target="_blank" rel="noreferrer noopener">Calendrier 2025-2026</a></div>



<div class="wp-block-button"><a class="wp-block-button__link wp-element-button" href="/www/contenu/docs_divers/Horaire%2025-26.pdf" target="_blank" rel="noreferrer noopener">Horaire 2025-2026</a></div>



<div class="wp-block-button"><a class="wp-block-button__link wp-element-button" href="/www/contenu/InfosDeBase/2025-2026_JoursDeCours.pdf" target="_blank" rel="noreferrer noopener">Jours de cours 2025-2026</a></div>



<div class="wp-block-button"><a class="wp-block-button__link wp-element-button" href="/www/contenu/docs_filieres/PEE%20Sport%202025%20-%202026.pdf" target="_blank" rel="noreferrer noopener">Sport 2025-2026</a></div>



<div class="wp-block-button"><a class="wp-block-button__link wp-element-button" href="/www/contenu/docs_divers/2026-2027_JoursDeCours.pdf" target="_blank" rel="noreferrer noopener">Jours de cours 2026-2027</a></div>
</div>
</div>
</div>



<div class="wp-block-columns has-base-background-color has-background is-layout-flex wp-container-core-columns-is-layout-28f84493 wp-block-columns-is-layout-flex">
<div class="wp-block-column is-layout-flow wp-block-column-is-layout-flow">
<h2 class="wp-block-heading"><span class="bleu-epca">Documents </span>à destination des élèves de <span class="bleu-epca">2ème </span>année et <span class="bleu-epca">3ème </span>année</h2>



<p>Pour les élèves poursuivant leur formation à l&rsquo;EPCA, un fichier informatif quant à leur(s) jour(s) de cours ainsi que les manuels à se procurer se trouve à disposition ici.</p>
</div>



<div class="wp-block-column is-layout-flow wp-block-column-is-layout-flow">
<div class="wp-block-buttons is-layout-flex wp-block-buttons-is-layout-flex">
<div class="wp-block-button"><a class="wp-block-button__link wp-element-button" href="/www/contenu/InfosDeBase/Tableau_Jours%20de%20cours_Rentr%C3%A9e.xlsx" target="_blank" rel="noreferrer noopener">Informations 2ème et 3ème années rentrée 2025 </a></div>
</div>
</div>
</div>



<div class="wp-block-columns is-layout-flex wp-container-core-columns-is-layout-28f84493 wp-block-columns-is-layout-flex">
<div class="wp-block-column has-base-background-color has-background is-layout-flow wp-block-column-is-layout-flow">
<figure class="wp-block-image size-full"><img loading="lazy" decoding="async" width="2048" height="1536" src="https://www.epca.ch/www/wp-content/uploads/2025/06/groupe-dehors.jpg" alt="" class="wp-image-2584" srcset="https://www.epca.ch/www/wp-content/uploads/2025/06/groupe-dehors.jpg 2048w, https://www.epca.ch/www/wp-content/uploads/2025/06/groupe-dehors-300x225.jpg 300w, https://www.epca.ch/www/wp-content/uploads/2025/06/groupe-dehors-1024x768.jpg 1024w, https://www.epca.ch/www/wp-content/uploads/2025/06/groupe-dehors-768x576.jpg 768w, https://www.epca.ch/www/wp-content/uploads/2025/06/groupe-dehors-1536x1152.jpg 1536w" sizes="auto, (max-width: 2048px) 100vw, 2048px" /></figure>
</div>



<div class="wp-block-column has-base-background-color has-background is-layout-flow wp-block-column-is-layout-flow">
<h2 class="wp-block-heading">Séjour linguistique à <span class="bleu-epca">Munich</span> </h2>



<p>L&rsquo;EPCA propose un séjour linguistique d&rsquo;une semaine à Munich du 13 au 20 juin 2026. Ce programme de mobilité représente une opportunité de développer ses connaissances en allemand ainsi que son ouverture à une autre culture.</p>



<div class="wp-block-group is-nowrap is-layout-flex wp-container-core-group-is-layout-b1ad4258 wp-block-group-is-layout-flex" style="padding-top:0;padding-bottom:var(--wp--preset--spacing--40)">
<p class="has-custom-bleu-color has-text-color has-link-color wp-elements-354309d93ede588246344560d9ad3dcc"><a href="https://www.epca.ch/www/sejour-linguistique-berlin/" target="_blank" rel="noreferrer noopener">en savoir plus</a></p>



<figure class="wp-block-image size-full is-resized"><img loading="lazy" decoding="async" width="30" height="29" src="https://www.epca.ch/www/wp-content/uploads/2025/05/FlecheLien.webp" alt="" class="wp-image-2093" style="width:20px"/></figure>
</div>
</div>
</div>



<div class="wp-block-columns is-layout-flex wp-container-core-columns-is-layout-28f84493 wp-block-columns-is-layout-flex">
<div class="wp-block-column has-base-background-color has-background is-layout-flow wp-block-column-is-layout-flow">
<h2 class="wp-block-heading has-custom-bleu-color has-text-color has-link-color wp-elements-cda775e20e4d149770703260796238c3">Passculture</h2>



<p>le&nbsp;Passculture&nbsp;(aussi appelé parfois « Pass Culturel » ou « CarteCulture » selon les cantons) est une initiative qui vise à&nbsp;rendre la culture plus accessible aux jeunes et aux personnes en formation.</p>



<p>Le Passculture offre un tarif de CHF 5.- pour les étudiant·e·s dans 46 lieux culturels vaudois, proposant théâtre, musique, danse, humour et cinéma.<br>La liste des lieux partenaires figure sur le site du Passulture, www.passculture.ch.</p>



<div class="wp-block-buttons is-layout-flex wp-block-buttons-is-layout-flex">
<div class="wp-block-button"><a class="wp-block-button__link wp-element-button" href="/www/contenu/docs_divers/Newsletter%20Passculture%20avril-juin%202026.pdf" target="_blank" rel="noreferrer noopener">Offres avril-juin 2026</a></div>
</div>



<figure class="wp-block-image size-full"><img loading="lazy" decoding="async" width="732" height="1024" src="https://www.epca.ch/www/wp-content/uploads/2025/05/Pub-passculture-732x1024-1.webp" alt="" class="wp-image-2024" srcset="https://www.epca.ch/www/wp-content/uploads/2025/05/Pub-passculture-732x1024-1.webp 732w, https://www.epca.ch/www/wp-content/uploads/2025/05/Pub-passculture-732x1024-1-214x300.webp 214w" sizes="auto, (max-width: 732px) 100vw, 732px" /></figure>
</div>



<div class="wp-block-column has-base-background-color has-background is-layout-flow wp-block-column-is-layout-flow">
<h2 class="wp-block-heading">Formation <span class="bleu-epca">bilingue</span> français-anglais</h2>



<p>Si la formation bilingue français-anglais d’employé·e de commerce CFC vous intéresse, n’hésitez pas à nous contacter ou à consulter les informations sur la page dédiée à cet effet.</p>



<div class="wp-block-group is-nowrap is-layout-flex wp-container-core-group-is-layout-b1ad4258 wp-block-group-is-layout-flex" style="padding-top:0;padding-bottom:var(--wp--preset--spacing--40)">
<p class="has-custom-bleu-color has-text-color has-link-color wp-elements-06ce8aeb26f2eb6ea9170457a1282e80"><a href="https://www.vd.ch/formation/formation-professionnelle/formations-commerciales-bilingues-francais-anglais" target="_blank" rel="noreferrer noopener">en savoir plus</a></p>



<figure class="wp-block-image size-full is-resized"><img loading="lazy" decoding="async" width="30" height="29" src="https://www.epca.ch/www/wp-content/uploads/2025/05/FlecheLien.webp" alt="" class="wp-image-2093" style="width:20px"/></figure>
</div>



<figure class="wp-block-image size-large"><img loading="lazy" decoding="async" width="1024" height="684" src="https://www.epca.ch/www/wp-content/uploads/2025/06/piles-de-livres-anglais-sur-la-table-de-l-espace-de-travail-1024x684.jpg" alt="" class="wp-image-2527" srcset="https://www.epca.ch/www/wp-content/uploads/2025/06/piles-de-livres-anglais-sur-la-table-de-l-espace-de-travail-1024x684.jpg 1024w, https://www.epca.ch/www/wp-content/uploads/2025/06/piles-de-livres-anglais-sur-la-table-de-l-espace-de-travail-300x200.jpg 300w, https://www.epca.ch/www/wp-content/uploads/2025/06/piles-de-livres-anglais-sur-la-table-de-l-espace-de-travail-768x513.jpg 768w, https://www.epca.ch/www/wp-content/uploads/2025/06/piles-de-livres-anglais-sur-la-table-de-l-espace-de-travail-1536x1025.jpg 1536w, https://www.epca.ch/www/wp-content/uploads/2025/06/piles-de-livres-anglais-sur-la-table-de-l-espace-de-travail-2048x1367.jpg 2048w" sizes="auto, (max-width: 1024px) 100vw, 1024px" /></figure>
</div>
</div>

<p>Actualité et infos utiles La page « Actualité &amp; Infos utiles » de l’EPCA regroupe toutes les informations essentielles pour les élèves, les responsables de formation, les représentants légaux et le personnel de l’école. On y trouve les dernières nouvelles de l’établissement, les événements à venir, les projets en cours, ainsi que les annonces importantes [&hellip;]</p>
