{"id":2978,"date":"2025-10-02T17:22:41","date_gmt":"2025-10-02T15:22:41","guid":{"rendered":"https:\/\/www.epca.ch\/www\/?page_id=2978"},"modified":"2025-11-11T14:24:12","modified_gmt":"2025-11-11T13:24:12","slug":"ecole-de-commerce","status":"publish","type":"page","link":"https:\/\/www.epca.ch\/www\/ecole-de-commerce\/","title":{"rendered":"\u00c9cole de commerce"},"content":{"rendered":"\n<div class=\"wp-block-columns is-layout-flex wp-container-core-columns-is-layout-9409fc81 wp-block-columns-is-layout-flex\" style=\"margin-top:0px;margin-bottom:0px;padding-top:0;padding-right:var(--wp--preset--spacing--30);padding-bottom:0;padding-left:var(--wp--preset--spacing--30)\">\n<div class=\"wp-block-column has-global-padding is-layout-constrained wp-block-column-is-layout-constrained\">\n<figure class=\"wp-block-image alignfull size-full has-custom-border image-pleine-hauteur\"><img loading=\"lazy\" decoding=\"async\" width=\"1819\" height=\"1213\" src=\"https:\/\/www.epca.ch\/www\/wp-content\/uploads\/2025\/10\/EC-1.jpg\" alt=\"\" class=\"wp-image-2981\" style=\"border-top-right-radius:40px\" srcset=\"https:\/\/www.epca.ch\/www\/wp-content\/uploads\/2025\/10\/EC-1.jpg 1819w, https:\/\/www.epca.ch\/www\/wp-content\/uploads\/2025\/10\/EC-1-300x200.jpg 300w, https:\/\/www.epca.ch\/www\/wp-content\/uploads\/2025\/10\/EC-1-1024x683.jpg 1024w, https:\/\/www.epca.ch\/www\/wp-content\/uploads\/2025\/10\/EC-1-768x512.jpg 768w, https:\/\/www.epca.ch\/www\/wp-content\/uploads\/2025\/10\/EC-1-1536x1024.jpg 1536w\" sizes=\"auto, (max-width: 1819px) 100vw, 1819px\" \/><\/figure>\n<\/div>\n\n\n\n<div class=\"wp-block-column has-base-2-background-color has-background is-layout-flow wp-block-column-is-layout-flow\" style=\"border-style:none;border-width:0px;border-top-right-radius:35px;padding-top:var(--wp--preset--spacing--40);padding-right:0;padding-bottom:var(--wp--preset--spacing--40);padding-left:0\">\n<div class=\"wp-block-group has-global-padding is-content-justification-left is-layout-constrained wp-container-core-group-is-layout-2a411371 wp-block-group-is-layout-constrained\" style=\"padding-right:var(--wp--preset--spacing--40)\">\n<div class=\"wp-block-group is-nowrap is-layout-flex wp-container-core-group-is-layout-6c531013 wp-block-group-is-layout-flex\">\n<h1 class=\"wp-block-heading is-style-default\">\u00c9cole de <span class=\"bleu-epca\">commerce<\/span> <\/h1>\n<\/div>\n\n\n\n<p>D\u00e8s la rentr\u00e9e 2026, l\u2019\u00c9cole de commerce rejoindra les \u00c9coles professionnelles commerciales d&rsquo;Aigle, Lausanne, Nyon et Yverdon.<\/p>\n\n\n\n<p>L&rsquo;\u00c9cole de commerce est structur\u00e9e en trois ans d\u2019\u00e9tudes et une ann\u00e9e suppl\u00e9mentaire de stage pratique en entreprise (mod\u00e8le 3+1). Elle permet d\u2019obtenir un <strong>certificat f\u00e9d\u00e9ral de capacit\u00e9 d\u2019employ\u00e9\u00b7e de commerce <\/strong>(CFC) ainsi qu\u2019une <strong>maturit\u00e9 professionnelle<\/strong> (MP) orientation \u00e9conomie et services, type \u00e9conomie. <\/p>\n\n\n\n<p>Ces deux titres permettent d\u2019exercer une <strong>activit\u00e9 professionnelle <\/strong>dans le domaine commercial, d\u2019acc\u00e9der aux <strong>Hautes \u00e9coles sp\u00e9cialis\u00e9es <\/strong>(HES) dans les domaines de l\u2019\u00e9conomie, de la gestion et de l\u2019administration, ainsi que d\u2019acc\u00e9der \u00e0 l\u2019examen compl\u00e9mentaire <strong>Passerelle <\/strong>pour acc\u00e9der \u00e0 toutes les<strong> Hautes \u00e9coles universitaires et p\u00e9dagogiques<\/strong>.<\/p>\n\n\n\n<div class=\"wp-block-buttons alignwide bouton-espace is-horizontal is-nowrap is-layout-flex wp-container-core-buttons-is-layout-2487dcaa wp-block-buttons-is-layout-flex\">\n<div class=\"wp-block-button has-custom-width wp-block-button__width-100 is-style-fill\"><a class=\"wp-block-button__link has-large-font-size has-custom-font-size wp-element-button\" href=\"\/www\/contenu\/docs_divers\/Flyer%20Ecole%20de%20commerce.pdf\" target=\"_blank\" rel=\"noreferrer noopener\">Flyer<\/a><\/div>\n<\/div>\n\n\n\n<div class=\"wp-block-group is-nowrap is-layout-flex wp-container-core-group-is-layout-b1ad4258 wp-block-group-is-layout-flex\" style=\"padding-top:0;padding-bottom:var(--wp--preset--spacing--40)\">\n<p class=\"has-custom-bleu-color has-text-color has-link-color wp-elements-b5498c06f23d5691b60af45e73e1f8fd\"><a href=\"https:\/\/www.vd.ch\/formation\/formation-professionnelle\/ecole-de-commerce\" target=\"_blank\" rel=\"noreferrer noopener\">en savoir plus<\/a><\/p>\n\n\n\n<figure class=\"wp-block-image size-full is-resized\"><img loading=\"lazy\" decoding=\"async\" width=\"30\" height=\"29\" src=\"https:\/\/www.epca.ch\/www\/wp-content\/uploads\/2025\/05\/FlecheLien.webp\" alt=\"\" class=\"wp-image-2093\" style=\"width:20px\"\/><\/figure>\n<\/div>\n<\/div>\n<\/div>\n<\/div>\n\n\n\n<div class=\"wp-block-columns is-layout-flex wp-container-core-columns-is-layout-bbf6143c wp-block-columns-is-layout-flex\" style=\"padding-top:var(--wp--preset--spacing--30);padding-right:var(--wp--preset--spacing--30);padding-bottom:var(--wp--preset--spacing--30);padding-left:var(--wp--preset--spacing--30)\">\n<div class=\"wp-block-column is-layout-flow wp-block-column-is-layout-flow\" style=\"flex-basis:66.66%\">\n<div class=\"wp-block-group block-gris has-background has-global-padding is-layout-constrained wp-container-core-group-is-layout-0c2fbd0a wp-block-group-is-layout-constrained\" style=\"border-top-right-radius:33px;background-color:#f2f2f2;margin-top:0;margin-bottom:0;padding-top:var(--wp--preset--spacing--30);padding-right:var(--wp--preset--spacing--30);padding-bottom:var(--wp--preset--spacing--30);padding-left:var(--wp--preset--spacing--30)\">\n<div class=\"wp-block-group is-nowrap is-layout-flex wp-container-core-group-is-layout-6c531013 wp-block-group-is-layout-flex\">\n<h2 class=\"wp-block-heading\">Conditions d&rsquo; <span class=\"bleu-epca\">admission <\/span><\/h2>\n\n\n\n<figure class=\"wp-block-image size-full is-resized fleche\"><img loading=\"lazy\" decoding=\"async\" width=\"30\" height=\"30\" src=\"https:\/\/www.epca.ch\/www\/wp-content\/uploads\/2025\/05\/fleche.png\" alt=\"\" class=\"wp-image-1948\" style=\"width:30px;height:auto\"\/><\/figure>\n<\/div>\n\n\n\n<p>Pour entrer \u00e0 l\u2019\u00c9cole de commerce, il faut avoir obtenu un certificat de fin d&rsquo;\u00e9tudes de la voie :<\/p>\n\n\n\n<ul class=\"wp-block-list\">\n<li><strong>pr\u00e9gymnasiale <\/strong><\/li>\n\n\n\n<li><strong>g\u00e9n\u00e9rale<\/strong> \n<ul class=\"wp-block-list\">\n<li>Avec les trois disciplines en niveau 2 : un total de 13.5 points dans le groupe constitu\u00e9 du fran\u00e7ais, des math\u00e9matiques et de l&rsquo;allemand ;<\/li>\n\n\n\n<li>Avec deux disciplines en niveau 2 et une discipline en niveau 1 : un total de au moins 14.5 points dans le groupe constitu\u00e9 du fran\u00e7ais, des math\u00e9matiques et de l&rsquo;allemand.<\/li>\n<\/ul>\n<\/li>\n<\/ul>\n\n\n\n<p>Autres possibilit\u00e9s :<\/p>\n\n\n\n<ul class=\"wp-block-list\">\n<li>Avoir suivi la totalit\u00e9 de la voie pr\u00e9gymnasiale, m\u00eame sans avoir obtenu le certificat, et \u00eatre titulaire d\u2019un certificat de la voie g\u00e9n\u00e9rale avec une moyenne annuelle finale de 4 ou plus dans au moins deux disciplines du groupe restreint, dont le fran\u00e7ais et\/ou les math\u00e9matiques ;<\/li>\n\n\n\n<li>\u00catre au b\u00e9n\u00e9fice d&rsquo;une attestation d&rsquo;admissibilit\u00e9 d\u00e9livr\u00e9e par le Conseil de direction de l&rsquo;\u00e9tablissement d&rsquo;enseignement obligatoire d&rsquo;o\u00f9 provient l\u2019\u00e9l\u00e8ve.<\/li>\n<\/ul>\n\n\n\n<p>Les candidat\u00b7e\u00b7s qui ne proviennent pas d&rsquo;une \u00e9cole publique peuvent se pr\u00e9senter aux examens d&rsquo;admission au Gymnase, sous certaines conditions.<\/p>\n<\/div>\n<\/div>\n\n\n\n<div class=\"wp-block-column is-layout-flow wp-block-column-is-layout-flow\" style=\"flex-basis:33.33%\">\n<figure class=\"wp-block-image size-large image-pleine-hauteur\"><img loading=\"lazy\" decoding=\"async\" width=\"1024\" height=\"843\" src=\"https:\/\/www.epca.ch\/www\/wp-content\/uploads\/2025\/10\/EC-2-1024x843.jpg\" alt=\"\" class=\"wp-image-2984\" srcset=\"https:\/\/www.epca.ch\/www\/wp-content\/uploads\/2025\/10\/EC-2-1024x843.jpg 1024w, https:\/\/www.epca.ch\/www\/wp-content\/uploads\/2025\/10\/EC-2-300x247.jpg 300w, https:\/\/www.epca.ch\/www\/wp-content\/uploads\/2025\/10\/EC-2-768x633.jpg 768w, https:\/\/www.epca.ch\/www\/wp-content\/uploads\/2025\/10\/EC-2-1536x1265.jpg 1536w, https:\/\/www.epca.ch\/www\/wp-content\/uploads\/2025\/10\/EC-2-2048x1687.jpg 2048w\" sizes=\"auto, (max-width: 1024px) 100vw, 1024px\" \/><\/figure>\n<\/div>\n<\/div>\n\n\n\n<div class=\"wp-block-columns is-layout-flex wp-container-core-columns-is-layout-9409fc81 wp-block-columns-is-layout-flex\" style=\"margin-top:0px;margin-bottom:0px;padding-top:0;padding-right:var(--wp--preset--spacing--30);padding-bottom:0;padding-left:var(--wp--preset--spacing--30)\">\n<div class=\"wp-block-column has-global-padding is-layout-constrained wp-block-column-is-layout-constrained\">\n<figure class=\"wp-block-image alignright size-full has-custom-border image-pleine-hauteur\"><img loading=\"lazy\" decoding=\"async\" width=\"432\" height=\"573\" src=\"https:\/\/www.epca.ch\/www\/wp-content\/uploads\/2025\/10\/EC-4-1.png\" alt=\"\" class=\"wp-image-2991\" style=\"border-top-right-radius:40px\" srcset=\"https:\/\/www.epca.ch\/www\/wp-content\/uploads\/2025\/10\/EC-4-1.png 432w, https:\/\/www.epca.ch\/www\/wp-content\/uploads\/2025\/10\/EC-4-1-226x300.png 226w\" sizes=\"auto, (max-width: 432px) 100vw, 432px\" \/><\/figure>\n<\/div>\n\n\n\n<div class=\"wp-block-column has-base-2-background-color has-background is-layout-flow wp-block-column-is-layout-flow\" style=\"border-style:none;border-width:0px;border-top-right-radius:35px;padding-top:var(--wp--preset--spacing--40);padding-right:0;padding-bottom:var(--wp--preset--spacing--40);padding-left:0\">\n<div class=\"wp-block-group has-global-padding is-content-justification-left is-layout-constrained wp-container-core-group-is-layout-2a411371 wp-block-group-is-layout-constrained\" style=\"padding-right:var(--wp--preset--spacing--40)\">\n<div class=\"wp-block-group is-nowrap is-layout-flex wp-container-core-group-is-layout-6c531013 wp-block-group-is-layout-flex\">\n<div class=\"wp-block-group is-nowrap is-layout-flex wp-container-core-group-is-layout-6c531013 wp-block-group-is-layout-flex\">\n<h2 class=\"wp-block-heading\"><span class=\"bleu-epca\">Inscription <\/span><\/h2>\n\n\n\n<figure class=\"wp-block-image size-full is-resized fleche\"><img loading=\"lazy\" decoding=\"async\" width=\"30\" height=\"30\" src=\"https:\/\/www.epca.ch\/www\/wp-content\/uploads\/2025\/05\/fleche.png\" alt=\"\" class=\"wp-image-1948\" style=\"width:30px;height:auto\"\/><\/figure>\n<\/div>\n<\/div>\n<\/div>\n\n\n\n<div class=\"wp-block-group has-global-padding is-content-justification-left is-layout-constrained wp-container-core-group-is-layout-2a411371 wp-block-group-is-layout-constrained\" style=\"padding-right:var(--wp--preset--spacing--40)\">\n<p>Les inscriptions seront ouvertes du 6 au 31 janvier 2026 sur <a href=\"https:\/\/www.vd.ch\/formation\/formation-professionnelle\/ecole-de-commerce\">https:\/\/www.vd.ch\/formation\/formation-professionnelle\/ecole-de-commerce<\/a>.<\/p>\n<\/div>\n<\/div>\n<\/div>\n\n\n\n<p><\/p>\n","protected":false},"excerpt":{"rendered":"<p>\u00c9cole de commerce D\u00e8s la rentr\u00e9e 2026, l\u2019\u00c9cole de commerce rejoindra les \u00c9coles professionnelles commerciales d&rsquo;Aigle, Lausanne, Nyon et Yverdon. L&rsquo;\u00c9cole de commerce est structur\u00e9e en trois ans d\u2019\u00e9tudes et une ann\u00e9e suppl\u00e9mentaire de stage pratique en entreprise (mod\u00e8le 3+1). Elle permet d\u2019obtenir un certificat f\u00e9d\u00e9ral de capacit\u00e9 d\u2019employ\u00e9\u00b7e de commerce (CFC) ainsi qu\u2019une maturit\u00e9 [&hellip;]<\/p>\n","protected":false},"author":1,"featured_media":0,"parent":0,"menu_order":0,"comment_status":"closed","ping_status":"closed","template":"","meta":{"footnotes":""},"class_list":["post-2978","page","type-page","status-publish","hentry"],"_links":{"self":[{"href":"https:\/\/www.epca.ch\/www\/wp-json\/wp\/v2\/pages\/2978","targetHints":{"allow":["GET"]}}],"collection":[{"href":"https:\/\/www.epca.ch\/www\/wp-json\/wp\/v2\/pages"}],"about":[{"href":"https:\/\/www.epca.ch\/www\/wp-json\/wp\/v2\/types\/page"}],"author":[{"embeddable":true,"href":"https:\/\/www.epca.ch\/www\/wp-json\/wp\/v2\/users\/1"}],"replies":[{"embeddable":true,"href":"https:\/\/www.epca.ch\/www\/wp-json\/wp\/v2\/comments?post=2978"}],"version-history":[{"count":15,"href":"https:\/\/www.epca.ch\/www\/wp-json\/wp\/v2\/pages\/2978\/revisions"}],"predecessor-version":[{"id":3031,"href":"https:\/\/www.epca.ch\/www\/wp-json\/wp\/v2\/pages\/2978\/revisions\/3031"}],"wp:attachment":[{"href":"https:\/\/www.epca.ch\/www\/wp-json\/wp\/v2\/media?parent=2978"}],"curies":[{"name":"wp","href":"https:\/\/api.w.org\/{rel}","templated":true}]}}

École de commerce

<div class="wp-block-columns is-layout-flex wp-container-core-columns-is-layout-9409fc81 wp-block-columns-is-layout-flex" style="margin-top:0px;margin-bottom:0px;padding-top:0;padding-right:var(--wp--preset--spacing--30);padding-bottom:0;padding-left:var(--wp--preset--spacing--30)">
<div class="wp-block-column has-global-padding is-layout-constrained wp-block-column-is-layout-constrained">
<figure class="wp-block-image alignfull size-full has-custom-border image-pleine-hauteur"><img loading="lazy" decoding="async" width="1819" height="1213" src="https://www.epca.ch/www/wp-content/uploads/2025/10/EC-1.jpg" alt="" class="wp-image-2981" style="border-top-right-radius:40px" srcset="https://www.epca.ch/www/wp-content/uploads/2025/10/EC-1.jpg 1819w, https://www.epca.ch/www/wp-content/uploads/2025/10/EC-1-300x200.jpg 300w, https://www.epca.ch/www/wp-content/uploads/2025/10/EC-1-1024x683.jpg 1024w, https://www.epca.ch/www/wp-content/uploads/2025/10/EC-1-768x512.jpg 768w, https://www.epca.ch/www/wp-content/uploads/2025/10/EC-1-1536x1024.jpg 1536w" sizes="auto, (max-width: 1819px) 100vw, 1819px" /></figure>
</div>



<div class="wp-block-column has-base-2-background-color has-background is-layout-flow wp-block-column-is-layout-flow" style="border-style:none;border-width:0px;border-top-right-radius:35px;padding-top:var(--wp--preset--spacing--40);padding-right:0;padding-bottom:var(--wp--preset--spacing--40);padding-left:0">
<div class="wp-block-group has-global-padding is-content-justification-left is-layout-constrained wp-container-core-group-is-layout-2a411371 wp-block-group-is-layout-constrained" style="padding-right:var(--wp--preset--spacing--40)">
<div class="wp-block-group is-nowrap is-layout-flex wp-container-core-group-is-layout-6c531013 wp-block-group-is-layout-flex">
<h1 class="wp-block-heading is-style-default">École de <span class="bleu-epca">commerce</span> </h1>
</div>



<p>Dès la rentrée 2026, l’École de commerce rejoindra les Écoles professionnelles commerciales d&rsquo;Aigle, Lausanne, Nyon et Yverdon.</p>



<p>L&rsquo;École de commerce est structurée en trois ans d’études et une année supplémentaire de stage pratique en entreprise (modèle 3+1). Elle permet d’obtenir un <strong>certificat fédéral de capacité d’employé·e de commerce </strong>(CFC) ainsi qu’une <strong>maturité professionnelle</strong> (MP) orientation économie et services, type économie. </p>



<p>Ces deux titres permettent d’exercer une <strong>activité professionnelle </strong>dans le domaine commercial, d’accéder aux <strong>Hautes écoles spécialisées </strong>(HES) dans les domaines de l’économie, de la gestion et de l’administration, ainsi que d’accéder à l’examen complémentaire <strong>Passerelle </strong>pour accéder à toutes les<strong> Hautes écoles universitaires et pédagogiques</strong>.</p>



<div class="wp-block-buttons alignwide bouton-espace is-horizontal is-nowrap is-layout-flex wp-container-core-buttons-is-layout-2487dcaa wp-block-buttons-is-layout-flex">
<div class="wp-block-button has-custom-width wp-block-button__width-100 is-style-fill"><a class="wp-block-button__link has-large-font-size has-custom-font-size wp-element-button" href="/www/contenu/docs_divers/Flyer%20Ecole%20de%20commerce.pdf" target="_blank" rel="noreferrer noopener">Flyer</a></div>
</div>



<div class="wp-block-group is-nowrap is-layout-flex wp-container-core-group-is-layout-b1ad4258 wp-block-group-is-layout-flex" style="padding-top:0;padding-bottom:var(--wp--preset--spacing--40)">
<p class="has-custom-bleu-color has-text-color has-link-color wp-elements-b5498c06f23d5691b60af45e73e1f8fd"><a href="https://www.vd.ch/formation/formation-professionnelle/ecole-de-commerce" target="_blank" rel="noreferrer noopener">en savoir plus</a></p>



<figure class="wp-block-image size-full is-resized"><img loading="lazy" decoding="async" width="30" height="29" src="https://www.epca.ch/www/wp-content/uploads/2025/05/FlecheLien.webp" alt="" class="wp-image-2093" style="width:20px"/></figure>
</div>
</div>
</div>
</div>



<div class="wp-block-columns is-layout-flex wp-container-core-columns-is-layout-bbf6143c wp-block-columns-is-layout-flex" style="padding-top:var(--wp--preset--spacing--30);padding-right:var(--wp--preset--spacing--30);padding-bottom:var(--wp--preset--spacing--30);padding-left:var(--wp--preset--spacing--30)">
<div class="wp-block-column is-layout-flow wp-block-column-is-layout-flow" style="flex-basis:66.66%">
<div class="wp-block-group block-gris has-background has-global-padding is-layout-constrained wp-container-core-group-is-layout-0c2fbd0a wp-block-group-is-layout-constrained" style="border-top-right-radius:33px;background-color:#f2f2f2;margin-top:0;margin-bottom:0;padding-top:var(--wp--preset--spacing--30);padding-right:var(--wp--preset--spacing--30);padding-bottom:var(--wp--preset--spacing--30);padding-left:var(--wp--preset--spacing--30)">
<div class="wp-block-group is-nowrap is-layout-flex wp-container-core-group-is-layout-6c531013 wp-block-group-is-layout-flex">
<h2 class="wp-block-heading">Conditions d&rsquo; <span class="bleu-epca">admission </span></h2>



<figure class="wp-block-image size-full is-resized fleche"><img loading="lazy" decoding="async" width="30" height="30" src="https://www.epca.ch/www/wp-content/uploads/2025/05/fleche.png" alt="" class="wp-image-1948" style="width:30px;height:auto"/></figure>
</div>



<p>Pour entrer à l’École de commerce, il faut avoir obtenu un certificat de fin d&rsquo;études de la voie :</p>



<ul class="wp-block-list">
<li><strong>prégymnasiale </strong></li>



<li><strong>générale</strong> 
<ul class="wp-block-list">
<li>Avec les trois disciplines en niveau 2 : un total de 13.5 points dans le groupe constitué du français, des mathématiques et de l&rsquo;allemand ;</li>



<li>Avec deux disciplines en niveau 2 et une discipline en niveau 1 : un total de au moins 14.5 points dans le groupe constitué du français, des mathématiques et de l&rsquo;allemand.</li>
</ul>
</li>
</ul>



<p>Autres possibilités :</p>



<ul class="wp-block-list">
<li>Avoir suivi la totalité de la voie prégymnasiale, même sans avoir obtenu le certificat, et être titulaire d’un certificat de la voie générale avec une moyenne annuelle finale de 4 ou plus dans au moins deux disciplines du groupe restreint, dont le français et/ou les mathématiques ;</li>



<li>Être au bénéfice d&rsquo;une attestation d&rsquo;admissibilité délivrée par le Conseil de direction de l&rsquo;établissement d&rsquo;enseignement obligatoire d&rsquo;où provient l’élève.</li>
</ul>



<p>Les candidat·e·s qui ne proviennent pas d&rsquo;une école publique peuvent se présenter aux examens d&rsquo;admission au Gymnase, sous certaines conditions.</p>
</div>
</div>



<div class="wp-block-column is-layout-flow wp-block-column-is-layout-flow" style="flex-basis:33.33%">
<figure class="wp-block-image size-large image-pleine-hauteur"><img loading="lazy" decoding="async" width="1024" height="843" src="https://www.epca.ch/www/wp-content/uploads/2025/10/EC-2-1024x843.jpg" alt="" class="wp-image-2984" srcset="https://www.epca.ch/www/wp-content/uploads/2025/10/EC-2-1024x843.jpg 1024w, https://www.epca.ch/www/wp-content/uploads/2025/10/EC-2-300x247.jpg 300w, https://www.epca.ch/www/wp-content/uploads/2025/10/EC-2-768x633.jpg 768w, https://www.epca.ch/www/wp-content/uploads/2025/10/EC-2-1536x1265.jpg 1536w, https://www.epca.ch/www/wp-content/uploads/2025/10/EC-2-2048x1687.jpg 2048w" sizes="auto, (max-width: 1024px) 100vw, 1024px" /></figure>
</div>
</div>



<div class="wp-block-columns is-layout-flex wp-container-core-columns-is-layout-9409fc81 wp-block-columns-is-layout-flex" style="margin-top:0px;margin-bottom:0px;padding-top:0;padding-right:var(--wp--preset--spacing--30);padding-bottom:0;padding-left:var(--wp--preset--spacing--30)">
<div class="wp-block-column has-global-padding is-layout-constrained wp-block-column-is-layout-constrained">
<figure class="wp-block-image alignright size-full has-custom-border image-pleine-hauteur"><img loading="lazy" decoding="async" width="432" height="573" src="https://www.epca.ch/www/wp-content/uploads/2025/10/EC-4-1.png" alt="" class="wp-image-2991" style="border-top-right-radius:40px" srcset="https://www.epca.ch/www/wp-content/uploads/2025/10/EC-4-1.png 432w, https://www.epca.ch/www/wp-content/uploads/2025/10/EC-4-1-226x300.png 226w" sizes="auto, (max-width: 432px) 100vw, 432px" /></figure>
</div>



<div class="wp-block-column has-base-2-background-color has-background is-layout-flow wp-block-column-is-layout-flow" style="border-style:none;border-width:0px;border-top-right-radius:35px;padding-top:var(--wp--preset--spacing--40);padding-right:0;padding-bottom:var(--wp--preset--spacing--40);padding-left:0">
<div class="wp-block-group has-global-padding is-content-justification-left is-layout-constrained wp-container-core-group-is-layout-2a411371 wp-block-group-is-layout-constrained" style="padding-right:var(--wp--preset--spacing--40)">
<div class="wp-block-group is-nowrap is-layout-flex wp-container-core-group-is-layout-6c531013 wp-block-group-is-layout-flex">
<div class="wp-block-group is-nowrap is-layout-flex wp-container-core-group-is-layout-6c531013 wp-block-group-is-layout-flex">
<h2 class="wp-block-heading"><span class="bleu-epca">Inscription </span></h2>



<figure class="wp-block-image size-full is-resized fleche"><img loading="lazy" decoding="async" width="30" height="30" src="https://www.epca.ch/www/wp-content/uploads/2025/05/fleche.png" alt="" class="wp-image-1948" style="width:30px;height:auto"/></figure>
</div>
</div>
</div>



<div class="wp-block-group has-global-padding is-content-justification-left is-layout-constrained wp-container-core-group-is-layout-2a411371 wp-block-group-is-layout-constrained" style="padding-right:var(--wp--preset--spacing--40)">
<p>Les inscriptions seront ouvertes du 6 au 31 janvier 2026 sur <a href="https://www.vd.ch/formation/formation-professionnelle/ecole-de-commerce">https://www.vd.ch/formation/formation-professionnelle/ecole-de-commerce</a>.</p>
</div>
</div>
</div>



<p></p>

<p>École de commerce Dès la rentrée 2026, l’École de commerce rejoindra les Écoles professionnelles commerciales d&rsquo;Aigle, Lausanne, Nyon et Yverdon. L&rsquo;École de commerce est structurée en trois ans d’études et une année supplémentaire de stage pratique en entreprise (modèle 3+1). Elle permet d’obtenir un certificat fédéral de capacité d’employé·e de commerce (CFC) ainsi qu’une maturité [&hellip;]</p>
