{"id":407,"date":"2022-09-28T13:10:25","date_gmt":"2022-09-28T11:10:25","guid":{"rendered":"https:\/\/www.epca.ch\/www\/?page_id=407"},"modified":"2025-06-30T15:10:53","modified_gmt":"2025-06-30T13:10:53","slug":"epca_vente","status":"publish","type":"page","link":"https:\/\/www.epca.ch\/www\/epca_vente\/","title":{"rendered":"Missions"},"content":{"rendered":"\n<div class=\"wp-block-columns is-layout-flex wp-container-core-columns-is-layout-9409fc81 wp-block-columns-is-layout-flex\" style=\"margin-top:0px;margin-bottom:0px;padding-top:0;padding-right:var(--wp--preset--spacing--30);padding-bottom:0;padding-left:var(--wp--preset--spacing--30)\">\n<div class=\"wp-block-column has-global-padding is-layout-constrained wp-block-column-is-layout-constrained\">\n<figure class=\"wp-block-image alignfull size-full has-custom-border image-pleine-hauteur\"><img loading=\"lazy\" decoding=\"async\" width=\"2560\" height=\"1920\" src=\"https:\/\/www.epca.ch\/www\/wp-content\/uploads\/2025\/05\/balabacepcapavillons-scolairesapres-travaux4-scaled.webp\" alt=\"\" class=\"wp-image-2011\" style=\"border-bottom-right-radius:33px\" srcset=\"https:\/\/www.epca.ch\/www\/wp-content\/uploads\/2025\/05\/balabacepcapavillons-scolairesapres-travaux4-scaled.webp 2560w, https:\/\/www.epca.ch\/www\/wp-content\/uploads\/2025\/05\/balabacepcapavillons-scolairesapres-travaux4-300x225.webp 300w, https:\/\/www.epca.ch\/www\/wp-content\/uploads\/2025\/05\/balabacepcapavillons-scolairesapres-travaux4-1024x768.webp 1024w, https:\/\/www.epca.ch\/www\/wp-content\/uploads\/2025\/05\/balabacepcapavillons-scolairesapres-travaux4-768x576.webp 768w, https:\/\/www.epca.ch\/www\/wp-content\/uploads\/2025\/05\/balabacepcapavillons-scolairesapres-travaux4-1536x1152.webp 1536w, https:\/\/www.epca.ch\/www\/wp-content\/uploads\/2025\/05\/balabacepcapavillons-scolairesapres-travaux4-2048x1536.webp 2048w\" sizes=\"auto, (max-width: 2560px) 100vw, 2560px\" \/><\/figure>\n<\/div>\n\n\n\n<div class=\"wp-block-column has-base-2-background-color has-background is-layout-flow wp-block-column-is-layout-flow\" style=\"border-style:none;border-width:0px;border-top-right-radius:35px;padding-top:var(--wp--preset--spacing--40);padding-right:0;padding-bottom:var(--wp--preset--spacing--40);padding-left:0\">\n<div class=\"wp-block-group has-global-padding is-layout-constrained wp-container-core-group-is-layout-9e5b70ce wp-block-group-is-layout-constrained\" style=\"padding-right:var(--wp--preset--spacing--40)\">\n<div class=\"wp-block-group is-nowrap is-layout-flex wp-container-core-group-is-layout-6c531013 wp-block-group-is-layout-flex\">\n<h1 class=\"wp-block-heading\">Pr\u00e9sentations, <span class=\"bleu-epca\">missions<\/span> et histoire de l\u2019<span class=\"bleu-epca\">EPCA<\/span> <\/h1>\n<\/div>\n\n\n\n<p>L\u2019\u00c9cole professionnelle du Chablais (EPCA) est un \u00e9tablissement de formation reconnu par l\u2019\u00c9tat de Vaud, sp\u00e9cialis\u00e9 dans l\u2019enseignement professionnel. Situ\u00e9e \u00e0 Aigle, elle accueille des jeunes en formation dans les domaines du commerce et de la vente, ainsi que du social et de la sant\u00e9, en collaboration avec les entreprises formatrices.<br><br>Gr\u00e2ce \u00e0 un enseignement de qualit\u00e9 et un encadrement personnalis\u00e9, l\u2019EPCA pr\u00e9pare ses \u00e9l\u00e8ves \u00e0 une insertion r\u00e9ussie dans le monde du travail ou \u00e0 la poursuite d\u2019\u00e9tudes sup\u00e9rieures.<\/p>\n\n\n\n<div class=\"wp-block-group has-global-padding is-layout-constrained wp-block-group-is-layout-constrained\">\n<div class=\"wp-block-buttons is-content-justification-center is-layout-flex wp-container-core-buttons-is-layout-a89b3969 wp-block-buttons-is-layout-flex\">\n<div class=\"wp-block-button\"><a class=\"wp-block-button__link wp-element-button\" href=\"\/www\/contenu\/docs_filieres\/Journal_EPCA.pdf\" target=\"_blank\" rel=\"noreferrer noopener\">Journal de l&rsquo;EPCA<\/a><\/div>\n\n\n\n<div class=\"wp-block-button\"><a class=\"wp-block-button__link wp-element-button\" href=\"\/www\/contenu\/InfosDeBase\/EPCA_TableauDeBord.pdf\" target=\"_blank\" rel=\"noreferrer noopener\">Tableau de bord<\/a><\/div>\n<\/div>\n<\/div>\n<\/div>\n<\/div>\n<\/div>\n\n\n\n<div class=\"wp-block-columns is-layout-flex wp-container-core-columns-is-layout-bbf6143c wp-block-columns-is-layout-flex\" style=\"padding-top:var(--wp--preset--spacing--30);padding-right:var(--wp--preset--spacing--30);padding-bottom:var(--wp--preset--spacing--30);padding-left:var(--wp--preset--spacing--30)\">\n<div class=\"wp-block-column is-vertically-aligned-stretch has-custom-gris-background-color has-background is-layout-flow wp-block-column-is-layout-flow\" style=\"border-top-right-radius:33px;flex-basis:66.66%\">\n<div class=\"wp-block-group block-gris has-global-padding is-layout-constrained wp-container-core-group-is-layout-0c2fbd0a wp-block-group-is-layout-constrained\" style=\"border-top-right-radius:33px;margin-top:0;margin-bottom:0;padding-top:var(--wp--preset--spacing--30);padding-right:var(--wp--preset--spacing--30);padding-bottom:var(--wp--preset--spacing--30);padding-left:var(--wp--preset--spacing--30)\">\n<div class=\"wp-block-group is-nowrap is-layout-flex wp-container-core-group-is-layout-6c531013 wp-block-group-is-layout-flex\">\n<h2 class=\"wp-block-heading\">L\u2019histoire de l\u2019<span class=\"bleu-epca\">EPCA<\/span> <\/h2>\n<\/div>\n\n\n\n<p>L\u2019EPCA a \u00e9t\u00e9 fond\u00e9e pour r\u00e9pondre aux besoins croissants de formation dans la r\u00e9gion du Chablais. Depuis sa cr\u00e9ation, l\u2019\u00e9cole a \u00e9volu\u00e9 pour offrir des formations toujours plus adapt\u00e9es aux r\u00e9alit\u00e9s \u00e9conomiques et aux exigences du march\u00e9 du travail.<br><br>Avec le temps, elle a su moderniser ses infrastructures, d\u00e9velopper ses partenariats avec les entreprises locales et \u00e9largir son offre de formations. Aujourd\u2019hui, l\u2019EPCA est un acteur cl\u00e9 de l\u2019\u00e9ducation professionnelle en Suisse romande.<\/p>\n<\/div>\n<\/div>\n\n\n\n<div class=\"wp-block-column is-vertically-aligned-stretch has-custom-gris-background-color has-background is-layout-flow wp-block-column-is-layout-flow\" style=\"border-top-right-radius:33px;flex-basis:66.66%\">\n<div class=\"wp-block-group block-gris has-global-padding is-layout-constrained wp-container-core-group-is-layout-0c2fbd0a wp-block-group-is-layout-constrained\" style=\"border-top-right-radius:33px;margin-top:0;margin-bottom:0;padding-top:var(--wp--preset--spacing--30);padding-right:var(--wp--preset--spacing--30);padding-bottom:var(--wp--preset--spacing--30);padding-left:var(--wp--preset--spacing--30)\">\n<div class=\"wp-block-group is-nowrap is-layout-flex wp-container-core-group-is-layout-6c531013 wp-block-group-is-layout-flex\">\n<h2 class=\"wp-block-heading\">L&rsquo;environnement<\/h2>\n<\/div>\n\n\n\n<p>Avec un corps enseignant engag\u00e9 et une p\u00e9dagogie active, l\u2019EPCA met tout en \u0153uvre pour assurer \u00e0 ses \u00e9l\u00e8ves une formation de qualit\u00e9.<br><br>L\u2019\u00e9cole encourage \u00e9galement l\u2019innovation et la collaboration \u00e0 travers des projets pratiques et des activit\u00e9s de groupe, afin de pr\u00e9parer les \u00e9l\u00e8ves \u00e0 relever les d\u00e9fis du monde du travail avec confiance et comp\u00e9tence.<\/p>\n<\/div>\n<\/div>\n<\/div>\n\n\n\n<h2 class=\"wp-block-heading is-style-default\">Les missions<\/h2>\n\n\n\n<div class=\"wp-block-group alignwide is-content-justification-center is-nowrap is-layout-flex wp-container-core-group-is-layout-23441af8 wp-block-group-is-layout-flex\">\n<div class=\"wp-block-group is-vertical is-content-justification-center is-layout-flex wp-container-core-group-is-layout-b6c1f246 wp-block-group-is-layout-flex\">\n<figure class=\"wp-block-image size-full\"><img loading=\"lazy\" decoding=\"async\" width=\"142\" height=\"142\" src=\"https:\/\/www.epca.ch\/www\/wp-content\/uploads\/2025\/06\/PictoSite.png\" alt=\"\" class=\"wp-image-2286\"\/><\/figure>\n\n\n\n<div class=\"wp-block-group is-vertical is-content-justification-center is-layout-flex wp-container-core-group-is-layout-0ba5a077 wp-block-group-is-layout-flex\" style=\"padding-right:var(--wp--preset--spacing--20);padding-left:var(--wp--preset--spacing--20)\">\n<h3 class=\"wp-block-heading has-text-align-center\">Pr\u00e9parer aux m\u00e9tiers<\/h3>\n\n\n\n<p class=\"has-text-align-center\">Former les \u00e9l\u00e8ves pour qu\u2019ils\/elles soient pr\u00eat\u00b7e\u00b7s \u00e0 entrer dans la vie professionnelle<\/p>\n<\/div>\n<\/div>\n\n\n\n<div class=\"wp-block-group is-vertical is-content-justification-center is-layout-flex wp-container-core-group-is-layout-b6c1f246 wp-block-group-is-layout-flex\">\n<figure class=\"wp-block-image size-full\"><img loading=\"lazy\" decoding=\"async\" width=\"142\" height=\"142\" src=\"https:\/\/www.epca.ch\/www\/wp-content\/uploads\/2025\/06\/sitepicto.png\" alt=\"\" class=\"wp-image-2288\"\/><\/figure>\n\n\n\n<div class=\"wp-block-group is-vertical is-content-justification-center is-layout-flex wp-container-core-group-is-layout-0ba5a077 wp-block-group-is-layout-flex\" style=\"padding-right:var(--wp--preset--spacing--20);padding-left:var(--wp--preset--spacing--20)\">\n<h3 class=\"wp-block-heading has-text-align-center\">Soutenir les \u00e9l\u00e8ves<\/h3>\n\n\n\n<p class=\"has-text-align-center\">Accompagner chacun\u00b7e dans son parcours scolaire et personnel<\/p>\n<\/div>\n<\/div>\n\n\n\n<div class=\"wp-block-group is-vertical is-content-justification-center is-layout-flex wp-container-core-group-is-layout-b6c1f246 wp-block-group-is-layout-flex\">\n<figure class=\"wp-block-image size-full\"><img loading=\"lazy\" decoding=\"async\" width=\"142\" height=\"142\" src=\"https:\/\/www.epca.ch\/www\/wp-content\/uploads\/2025\/06\/siteee.png\" alt=\"\" class=\"wp-image-2287\"\/><\/figure>\n\n\n\n<div class=\"wp-block-group is-vertical is-content-justification-center is-layout-flex wp-container-core-group-is-layout-0ba5a077 wp-block-group-is-layout-flex\" style=\"padding-right:var(--wp--preset--spacing--20);padding-left:var(--wp--preset--spacing--20)\">\n<h3 class=\"wp-block-heading has-text-align-center\">Travailler avec les entreprises<\/h3>\n\n\n\n<p class=\"has-text-align-center\">Cr\u00e9er des liens forts entre l\u2019\u00e9cole et le monde du travail<\/p>\n<\/div>\n<\/div>\n<\/div>\n\n\n\n<div class=\"wp-block-columns is-layout-flex wp-container-core-columns-is-layout-bbf6143c wp-block-columns-is-layout-flex\" style=\"padding-top:var(--wp--preset--spacing--30);padding-right:var(--wp--preset--spacing--30);padding-bottom:var(--wp--preset--spacing--30);padding-left:var(--wp--preset--spacing--30)\">\n<div class=\"wp-block-column is-layout-flow wp-block-column-is-layout-flow\" style=\"flex-basis:33.33%\">\n<figure class=\"wp-block-image size-large image-pleine-hauteur\"><img loading=\"lazy\" decoding=\"async\" width=\"1024\" height=\"680\" src=\"https:\/\/www.epca.ch\/www\/wp-content\/uploads\/2025\/05\/Design-sans-titre-1024x680.webp\" alt=\"\" class=\"wp-image-2013\" srcset=\"https:\/\/www.epca.ch\/www\/wp-content\/uploads\/2025\/05\/Design-sans-titre-1024x680.webp 1024w, https:\/\/www.epca.ch\/www\/wp-content\/uploads\/2025\/05\/Design-sans-titre-300x199.webp 300w, https:\/\/www.epca.ch\/www\/wp-content\/uploads\/2025\/05\/Design-sans-titre-768x510.webp 768w, https:\/\/www.epca.ch\/www\/wp-content\/uploads\/2025\/05\/Design-sans-titre.webp 1534w\" sizes=\"auto, (max-width: 1024px) 100vw, 1024px\" \/><\/figure>\n<\/div>\n\n\n\n<div class=\"wp-block-column is-layout-flow wp-block-column-is-layout-flow\" style=\"flex-basis:66.66%\">\n<div class=\"wp-block-group block-gris has-background has-global-padding is-layout-constrained wp-container-core-group-is-layout-0c2fbd0a wp-block-group-is-layout-constrained\" style=\"border-top-right-radius:33px;background-color:#f2f2f2;margin-top:0;margin-bottom:0;padding-top:var(--wp--preset--spacing--30);padding-right:var(--wp--preset--spacing--30);padding-bottom:var(--wp--preset--spacing--30);padding-left:var(--wp--preset--spacing--30)\">\n<div class=\"wp-block-group is-nowrap is-layout-flex wp-container-core-group-is-layout-6c531013 wp-block-group-is-layout-flex\">\n<h2 class=\"wp-block-heading\">Pr\u00eat\u00b7e \u00e0 rejoindre l\u2019<span class=\"bleu-epca\">EPCA<\/span> ?<\/h2>\n<\/div>\n\n\n\n<p>Rejoindre l\u2019EPCA, c\u2019est choisir une formation professionnelle de qualit\u00e9, ax\u00e9e sur des comp\u00e9tences pratiques et proches du monde du travail. Profite d\u2019une exp\u00e9rience enrichissante et pr\u00e9pare-toi \u00e0 un avenir prometteur.<\/p>\n\n\n\n<div class=\"wp-block-group has-global-padding is-layout-constrained wp-block-group-is-layout-constrained\">\n<div class=\"wp-block-buttons alignwide bouton-espace is-vertical is-content-justification-center is-layout-flex wp-container-core-buttons-is-layout-ce155fab wp-block-buttons-is-layout-flex\">\n<div class=\"wp-block-button has-custom-width wp-block-button__width-50 is-style-fill\"><a class=\"wp-block-button__link has-large-font-size has-custom-font-size wp-element-button\" href=\"https:\/\/www.epca.ch\/www\/contact\/\" target=\"_blank\" rel=\"noreferrer noopener\">Nous contacter<\/a><\/div>\n<\/div>\n<\/div>\n<\/div>\n<\/div>\n<\/div>\n\n\n\n<div class=\"wp-block-columns is-layout-flex wp-container-core-columns-is-layout-bbf6143c wp-block-columns-is-layout-flex\" style=\"padding-top:var(--wp--preset--spacing--30);padding-right:var(--wp--preset--spacing--30);padding-bottom:var(--wp--preset--spacing--30);padding-left:var(--wp--preset--spacing--30)\">\n<div class=\"wp-block-column is-vertically-aligned-stretch has-custom-gris-background-color has-background is-layout-flow wp-block-column-is-layout-flow\" style=\"border-top-right-radius:33px;flex-basis:66.66%\">\n<div class=\"wp-block-group block-gris has-global-padding is-layout-constrained wp-container-core-group-is-layout-0c2fbd0a wp-block-group-is-layout-constrained\" style=\"border-top-right-radius:33px;margin-top:0;margin-bottom:0;padding-top:var(--wp--preset--spacing--30);padding-right:var(--wp--preset--spacing--30);padding-bottom:var(--wp--preset--spacing--30);padding-left:var(--wp--preset--spacing--30)\">\n<div class=\"wp-block-group is-nowrap is-layout-flex wp-container-core-group-is-layout-6c531013 wp-block-group-is-layout-flex\">\n<h2 class=\"wp-block-heading\">Conseil d&rsquo;<span class=\"bleu-epca\">\u00e9tablissement<\/span> <\/h2>\n\n\n\n<figure class=\"wp-block-image size-full fleche\"><img loading=\"lazy\" decoding=\"async\" width=\"30\" height=\"30\" src=\"https:\/\/www.epca.ch\/www\/wp-content\/uploads\/2025\/05\/fleche.png\" alt=\"\" class=\"wp-image-1948\"\/><\/figure>\n<\/div>\n\n\n\n<p>Le Conseil d\u2019\u00e9tablissement est compos\u00e9 de 15&nbsp;membres au maximum, soit&nbsp;: le directeur \/ la directrice de l\u2019\u00e9tablissement, des personnes issues des milieux socio-\u00e9conomique et culturel de la r\u00e9gion et un\u00b7e repr\u00e9sentant\u00b7e du corps enseignant.<\/p>\n\n\n\n<p>Le Conseil se r\u00e9unit en principe deux fois par ann\u00e9e. Il a un r\u00f4le consultatif et a pour mission :<\/p>\n\n\n\n<ul style=\"line-height:1.2\" class=\"wp-block-list\">\n<li>de mettre en place des projets communs en collaboration avec les milieux professionnels ;<\/li>\n<\/ul>\n\n\n\n<ul style=\"line-height:1.2\" class=\"wp-block-list\">\n<li>d\u2019\u00eatre un lien entre l\u2019\u00e9cole et le tissu social, \u00e9conomique et culturel r\u00e9gional ;<\/li>\n<\/ul>\n\n\n\n<ul style=\"line-height:1.2\" class=\"wp-block-list\">\n<li>de faire des propositions relatives au d\u00e9veloppement des formations dispens\u00e9es dans l\u2019\u00e9cole.<\/li>\n<\/ul>\n<\/div>\n<\/div>\n\n\n\n<div class=\"wp-block-column is-vertically-aligned-stretch has-custom-gris-background-color has-background is-layout-flow wp-block-column-is-layout-flow\" style=\"border-top-right-radius:33px;flex-basis:66.66%\">\n<div class=\"wp-block-group block-gris has-global-padding is-layout-constrained wp-container-core-group-is-layout-0c2fbd0a wp-block-group-is-layout-constrained\" style=\"border-top-right-radius:33px;margin-top:0;margin-bottom:0;padding-top:var(--wp--preset--spacing--30);padding-right:var(--wp--preset--spacing--30);padding-bottom:var(--wp--preset--spacing--30);padding-left:var(--wp--preset--spacing--30)\">\n<div class=\"wp-block-group is-nowrap is-layout-flex wp-container-core-group-is-layout-6c531013 wp-block-group-is-layout-flex\">\n<h2 class=\"wp-block-heading\">Conseil des <span class=\"bleu-epca\">\u00e9l\u00e8ves<\/span> <\/h2>\n\n\n\n<figure class=\"wp-block-image size-full fleche\"><img loading=\"lazy\" decoding=\"async\" width=\"30\" height=\"30\" src=\"https:\/\/www.epca.ch\/www\/wp-content\/uploads\/2025\/05\/fleche.png\" alt=\"\" class=\"wp-image-1948\"\/><\/figure>\n<\/div>\n\n\n\n<p>Le conseil des \u00e9l\u00e8ves est compos\u00e9 de l&rsquo;ensemble des d\u00e9l\u00e9gu\u00e9\u00b7e\u00b7s de classes de l&rsquo;\u00e9tablissement. Les classes de l&rsquo;EPCA \u00e9lisent chaque ann\u00e9e un\u00b7e d\u00e9l\u00e9gu\u00e9\u00b7e et son\/sa suppl\u00e9ant\u00b7e. Ce sont les repr\u00e9sentant\u00b7e\u00b7s de la classe&nbsp;aupr\u00e8s de la direction.<\/p>\n\n\n\n<p>Les d\u00e9l\u00e9gu\u00e9\u00b7e\u00b7s peuvent donc se r\u00e9unir en conseil, \u00e9lire un comit\u00e9 et agir en tant qu&rsquo;organe consultatif de l&rsquo;\u00e9tablissement. Le conseil des \u00e9l\u00e8ves peut faire des propositions \u00e0 la direction sur la vie et le fonctionnement de l&rsquo;\u00e9tablissement.&nbsp; La direction consulte le Conseil des \u00e9l\u00e8ves lorsqu&rsquo;elle le juge n\u00e9cessaire.<br><br>Les \u00e9l\u00e8ves sont donc invit\u00e9\u00b7e\u00b7s \u00e0 interpeller leur d\u00e9l\u00e9gu\u00e9\u00b7e pour toute question li\u00e9e \u00e0 la vie de la classe. Pour des questions plus personnelles, il peuvent \u00e9videmment s&rsquo;adresser directement aux personnes comp\u00e9tentes (doyen\u00b7ne, m\u00e9diateurs\/trices, infirmi\u00e8re scolaire, etc.).<\/p>\n<\/div>\n<\/div>\n<\/div>\n","protected":false},"excerpt":{"rendered":"<p>Pr\u00e9sentations, missions et histoire de l\u2019EPCA L\u2019\u00c9cole professionnelle du Chablais (EPCA) est un \u00e9tablissement de formation reconnu par l\u2019\u00c9tat de Vaud, sp\u00e9cialis\u00e9 dans l\u2019enseignement professionnel. Situ\u00e9e \u00e0 Aigle, elle accueille des jeunes en formation dans les domaines du commerce et de la vente, ainsi que du social et de la sant\u00e9, en collaboration avec les [&hellip;]<\/p>\n","protected":false},"author":1,"featured_media":0,"parent":0,"menu_order":0,"comment_status":"closed","ping_status":"closed","template":"","meta":{"footnotes":""},"class_list":["post-407","page","type-page","status-publish","hentry"],"_links":{"self":[{"href":"https:\/\/www.epca.ch\/www\/wp-json\/wp\/v2\/pages\/407","targetHints":{"allow":["GET"]}}],"collection":[{"href":"https:\/\/www.epca.ch\/www\/wp-json\/wp\/v2\/pages"}],"about":[{"href":"https:\/\/www.epca.ch\/www\/wp-json\/wp\/v2\/types\/page"}],"author":[{"embeddable":true,"href":"https:\/\/www.epca.ch\/www\/wp-json\/wp\/v2\/users\/1"}],"replies":[{"embeddable":true,"href":"https:\/\/www.epca.ch\/www\/wp-json\/wp\/v2\/comments?post=407"}],"version-history":[{"count":109,"href":"https:\/\/www.epca.ch\/www\/wp-json\/wp\/v2\/pages\/407\/revisions"}],"predecessor-version":[{"id":2716,"href":"https:\/\/www.epca.ch\/www\/wp-json\/wp\/v2\/pages\/407\/revisions\/2716"}],"wp:attachment":[{"href":"https:\/\/www.epca.ch\/www\/wp-json\/wp\/v2\/media?parent=407"}],"curies":[{"name":"wp","href":"https:\/\/api.w.org\/{rel}","templated":true}]}}